CRAN Package Check Results for Package dyngen

Last updated on 2025-01-25 19:48:42 CET.

Flavor Version Tinstall Tcheck Ttotal Status Flags
r-devel-linux-x86_64-debian-clang 1.0.5 21.97 208.42 230.39 NOTE
r-devel-linux-x86_64-debian-gcc 1.0.5 13.00 132.83 145.83 NOTE
r-devel-linux-x86_64-fedora-clang 1.0.5 366.32 NOTE
r-devel-linux-x86_64-fedora-gcc 1.0.5 350.71 NOTE
r-devel-windows-x86_64 1.0.5 22.00 194.00 216.00 NOTE
r-patched-linux-x86_64 1.0.5 18.64 185.45 204.09 NOTE
r-release-linux-x86_64 1.0.5 15.85 190.43 206.28 NOTE
r-release-macos-arm64 1.0.5 97.00 NOTE
r-release-macos-x86_64 1.0.5 152.00 NOTE
r-release-windows-x86_64 1.0.5 20.00 191.00 211.00 NOTE
r-oldrel-macos-arm64 1.0.5 110.00 OK
r-oldrel-macos-x86_64 1.0.5 181.00 OK
r-oldrel-windows-x86_64 1.0.5 26.00 253.00 279.00 OK

Check Details

Version: 1.0.5
Check: Rd files
Result: NOTE checkRd: (-1) generate_kinetics.Rd:57: Lost braces; missing escapes or markup? 57 | By default, sampled from {-1, 1} with probabilities {.25, .75}. | ^ checkRd: (-1) generate_kinetics.Rd:57: Lost braces; missing escapes or markup? 57 | By default, sampled from {-1, 1} with probabilities {.25, .75}. | ^ Flavors: r-devel-linux-x86_64-debian-clang, r-devel-linux-x86_64-debian-gcc, r-devel-linux-x86_64-fedora-clang, r-devel-linux-x86_64-fedora-gcc, r-devel-windows-x86_64, r-patched-linux-x86_64, r-release-linux-x86_64, r-release-macos-arm64, r-release-macos-x86_64, r-release-windows-x86_64