Last updated on 2024-04-23 19:50:43 CEST.
Flavor | Version | Tinstall | Tcheck | Ttotal | Status | Flags |
---|---|---|---|---|---|---|
r-devel-linux-x86_64-debian-clang | 1.0.5 | 28.53 | 260.12 | 288.65 | NOTE | |
r-devel-linux-x86_64-debian-gcc | 1.0.5 | 20.21 | 183.17 | 203.38 | NOTE | |
r-devel-linux-x86_64-fedora-clang | 1.0.5 | 377.65 | NOTE | |||
r-devel-linux-x86_64-fedora-gcc | 1.0.5 | 356.97 | NOTE | |||
r-prerel-macos-arm64 | 1.0.5 | 97.00 | NOTE | |||
r-prerel-windows-x86_64 | 1.0.5 | 20.00 | 193.00 | 213.00 | NOTE | |
r-patched-linux-x86_64 | 1.0.5 | 21.41 | 249.92 | 271.33 | NOTE | |
r-release-linux-x86_64 | 1.0.5 | 15.25 | 239.87 | 255.12 | OK | |
r-release-macos-arm64 | 1.0.5 | 110.00 | OK | |||
r-release-macos-x86_64 | 1.0.5 | 181.00 | OK | |||
r-release-windows-x86_64 | 1.0.5 | 27.00 | 251.00 | 278.00 | OK | |
r-oldrel-macos-arm64 | 1.0.5 | 103.00 | OK | |||
r-oldrel-windows-x86_64 | 1.0.5 | 29.00 | 249.00 | 278.00 | OK |
Version: 1.0.5
Check: Rd files
Result: NOTE
checkRd: (-1) generate_kinetics.Rd:57: Lost braces; missing escapes or markup?
57 | By default, sampled from {-1, 1} with probabilities {.25, .75}.
| ^
checkRd: (-1) generate_kinetics.Rd:57: Lost braces; missing escapes or markup?
57 | By default, sampled from {-1, 1} with probabilities {.25, .75}.
| ^
Flavors: r-devel-linux-x86_64-debian-clang, r-devel-linux-x86_64-debian-gcc, r-devel-linux-x86_64-fedora-clang, r-devel-linux-x86_64-fedora-gcc, r-prerel-macos-arm64, r-prerel-windows-x86_64, r-patched-linux-x86_64