Last updated on 2023-06-04 08:57:08 CEST.
Flavor | Version | Tinstall | Tcheck | Ttotal | Status | Flags |
---|---|---|---|---|---|---|
r-devel-linux-x86_64-debian-clang | 1.4.3 | 47.74 | 292.56 | 340.30 | NOTE | |
r-devel-linux-x86_64-debian-gcc | 1.4.3 | 41.63 | 242.77 | 284.40 | NOTE | |
r-devel-linux-x86_64-fedora-clang | 1.4.3 | 388.97 | NOTE | |||
r-devel-linux-x86_64-fedora-gcc | 1.4.3 | 408.33 | NOTE | |||
r-devel-windows-x86_64 | 1.4.3 | 45.00 | 205.00 | 250.00 | NOTE | |
r-patched-linux-x86_64 | 1.4.3 | 41.93 | 252.78 | 294.71 | NOTE | |
r-release-linux-x86_64 | 1.4.3 | 32.47 | 277.45 | 309.92 | NOTE | |
r-release-macos-arm64 | 1.4.3 | 116.00 | NOTE | |||
r-release-macos-x86_64 | 1.3.3 | 233.00 | NOTE | |||
r-release-windows-x86_64 | 1.4.3 | 55.00 | 259.00 | 314.00 | NOTE | |
r-oldrel-macos-arm64 | 1.4.3 | 123.00 | NOTE | |||
r-oldrel-macos-x86_64 | 1.4.3 | 152.00 | NOTE | |||
r-oldrel-windows-x86_64 | 1.4.3 | 58.00 | 269.00 | 327.00 | NOTE |
Version: 1.4.3
Check: package dependencies
Result: NOTE
Package suggested but not available for checking: ‘cmdstanr’
Flavors: r-devel-linux-x86_64-debian-clang, r-devel-linux-x86_64-debian-gcc, r-devel-linux-x86_64-fedora-clang, r-devel-linux-x86_64-fedora-gcc, r-devel-windows-x86_64, r-patched-linux-x86_64, r-release-linux-x86_64, r-release-macos-arm64, r-release-windows-x86_64, r-oldrel-macos-arm64, r-oldrel-macos-x86_64, r-oldrel-windows-x86_64
Version: 1.4.3
Check: Rd cross-references
Result: NOTE
Package unavailable to check Rd xrefs: ‘cmdstanr’
Flavors: r-devel-linux-x86_64-debian-clang, r-devel-linux-x86_64-debian-gcc, r-devel-linux-x86_64-fedora-clang, r-devel-linux-x86_64-fedora-gcc, r-devel-windows-x86_64, r-patched-linux-x86_64, r-release-linux-x86_64, r-release-macos-arm64, r-release-windows-x86_64, r-oldrel-macos-arm64, r-oldrel-macos-x86_64, r-oldrel-windows-x86_64
Version: 1.4.3
Check: installed package size
Result: NOTE
installed size is 12.6Mb
sub-directories of 1Mb or more:
R 3.3Mb
data 8.3Mb
Flavors: r-devel-linux-x86_64-fedora-clang, r-devel-windows-x86_64, r-release-macos-arm64, r-release-windows-x86_64, r-oldrel-macos-arm64, r-oldrel-macos-x86_64, r-oldrel-windows-x86_64
Version: 1.3.3
Check: package dependencies
Result: NOTE
Package suggested but not available for checking: ‘cmdstanr’
Flavor: r-release-macos-x86_64
Version: 1.3.3
Check: installed package size
Result: NOTE
installed size is 11.9Mb
sub-directories of 1Mb or more:
R 3.6Mb
data 7.5Mb
Flavor: r-release-macos-x86_64
Version: 1.3.3
Check: Rd cross-references
Result: NOTE
Package unavailable to check Rd xrefs: ‘cmdstanr’
Flavor: r-release-macos-x86_64