Last updated on 2024-04-24 07:57:38 CEST.
Flavor | Version | Tinstall | Tcheck | Ttotal | Status | Flags |
---|---|---|---|---|---|---|
r-devel-linux-x86_64-debian-clang | 1.4.9 | 49.16 | 312.33 | 361.49 | NOTE | |
r-devel-linux-x86_64-debian-gcc | 1.4.9 | 47.55 | 227.11 | 274.66 | NOTE | |
r-devel-linux-x86_64-fedora-clang | 1.4.9 | 485.72 | NOTE | |||
r-devel-linux-x86_64-fedora-gcc | 1.4.9 | 448.68 | NOTE | |||
r-prerel-macos-arm64 | 1.4.9 | 122.00 | NOTE | |||
r-prerel-macos-x86_64 | 1.4.9 | 238.00 | NOTE | |||
r-prerel-windows-x86_64 | 1.4.9 | 48.00 | 234.00 | 282.00 | NOTE | |
r-patched-linux-x86_64 | 1.4.9 | 54.32 | 289.68 | 344.00 | NOTE | |
r-release-linux-x86_64 | 1.4.9 | 53.84 | 290.21 | 344.05 | NOTE | |
r-release-macos-arm64 | 1.4.9 | 136.00 | NOTE | |||
r-release-macos-x86_64 | 1.4.9 | 278.00 | NOTE | |||
r-release-windows-x86_64 | 1.4.9 | 63.00 | 304.00 | 367.00 | NOTE | |
r-oldrel-macos-arm64 | 1.4.9 | 171.00 | NOTE | |||
r-oldrel-windows-x86_64 | 1.4.9 | 66.00 | 308.00 | 374.00 | NOTE |
Version: 1.4.9
Check: package dependencies
Result: NOTE
Package suggested but not available for checking: ‘cmdstanr’
Flavors: r-devel-linux-x86_64-debian-clang, r-devel-linux-x86_64-debian-gcc, r-devel-linux-x86_64-fedora-clang, r-devel-linux-x86_64-fedora-gcc, r-prerel-macos-arm64, r-prerel-macos-x86_64, r-prerel-windows-x86_64, r-patched-linux-x86_64, r-release-linux-x86_64, r-release-macos-arm64, r-release-macos-x86_64, r-release-windows-x86_64, r-oldrel-macos-arm64, r-oldrel-windows-x86_64
Version: 1.4.9
Check: Rd cross-references
Result: NOTE
Package unavailable to check Rd xrefs: ‘cmdstanr’
Flavors: r-devel-linux-x86_64-debian-clang, r-devel-linux-x86_64-debian-gcc, r-devel-linux-x86_64-fedora-clang, r-devel-linux-x86_64-fedora-gcc, r-prerel-macos-arm64, r-prerel-macos-x86_64, r-prerel-windows-x86_64, r-patched-linux-x86_64, r-release-linux-x86_64, r-release-macos-arm64, r-release-macos-x86_64, r-release-windows-x86_64, r-oldrel-macos-arm64, r-oldrel-windows-x86_64
Version: 1.4.9
Check: installed package size
Result: NOTE
installed size is 13.4Mb
sub-directories of 1Mb or more:
R 3.5Mb
data 9.0Mb
Flavors: r-devel-linux-x86_64-fedora-clang, r-prerel-macos-arm64, r-prerel-macos-x86_64, r-prerel-windows-x86_64, r-release-macos-arm64, r-release-macos-x86_64, r-release-windows-x86_64, r-oldrel-macos-arm64, r-oldrel-windows-x86_64