Last updated on 2023-06-01 08:56:00 CEST.
Flavor | Version | Tinstall | Tcheck | Ttotal | Status | Flags |
---|---|---|---|---|---|---|
r-devel-linux-x86_64-debian-clang | 1.0.2 | 639.71 | 242.42 | 882.13 | NOTE | |
r-devel-linux-x86_64-debian-gcc | 1.0.2 | 500.93 | 182.74 | 683.67 | NOTE | |
r-devel-linux-x86_64-fedora-clang | 1.0.2 | 1355.31 | NOTE | |||
r-devel-linux-x86_64-fedora-gcc | 1.0.2 | 1350.63 | NOTE | |||
r-devel-windows-x86_64 | 1.0.2 | 478.00 | 296.00 | 774.00 | NOTE | |
r-patched-linux-x86_64 | 1.0.2 | NOTE | ||||
r-release-linux-x86_64 | 1.0.2 | 533.50 | 232.75 | 766.25 | NOTE | |
r-release-macos-arm64 | 1.0.2 | 314.00 | NOTE | |||
r-release-macos-x86_64 | 1.0.2 | 506.00 | NOTE | |||
r-release-windows-x86_64 | 1.0.2 | 629.00 | 308.00 | 937.00 | NOTE | |
r-oldrel-macos-arm64 | 1.0.2 | 289.00 | NOTE | |||
r-oldrel-macos-x86_64 | 1.0.2 | 337.00 | NOTE | |||
r-oldrel-windows-x86_64 | 1.0.2 | 605.00 | 301.00 | 906.00 | NOTE |
Version: 1.0.2
Check: C++ specification
Result: NOTE
Specified C++11: please drop specification unless essential
Flavors: r-devel-linux-x86_64-debian-clang, r-devel-linux-x86_64-debian-gcc, r-devel-linux-x86_64-fedora-clang, r-devel-linux-x86_64-fedora-gcc, r-devel-windows-x86_64, r-patched-linux-x86_64, r-release-linux-x86_64, r-release-macos-arm64, r-release-macos-x86_64, r-release-windows-x86_64
Version: 1.0.2
Check: installed package size
Result: NOTE
installed size is 8.6Mb
sub-directories of 1Mb or more:
data 4.2Mb
doc 1.7Mb
libs 2.2Mb
Flavors: r-devel-linux-x86_64-fedora-clang, r-devel-windows-x86_64, r-release-macos-arm64, r-release-macos-x86_64, r-release-windows-x86_64, r-oldrel-macos-arm64, r-oldrel-macos-x86_64, r-oldrel-windows-x86_64
Version: 1.0.2
Check: package dependencies
Result: NOTE
Package suggested but not available for checking: ‘gsl’
Flavor: r-release-macos-x86_64