Last updated on 2023-09-25 20:08:46 CEST.
Flavor | Version | Tinstall | Tcheck | Ttotal | Status | Flags |
---|---|---|---|---|---|---|
r-devel-linux-x86_64-debian-clang | 0.1.2 | 3.08 | 37.09 | 40.17 | OK | |
r-devel-linux-x86_64-debian-gcc | 0.1.2 | 2.10 | 29.13 | 31.23 | OK | |
r-devel-linux-x86_64-fedora-clang | 0.1.2 | 50.08 | OK | |||
r-devel-linux-x86_64-fedora-gcc | 0.1.2 | 63.19 | OK | |||
r-devel-windows-x86_64 | 0.1.2 | 5.00 | 55.00 | 60.00 | OK | |
r-patched-linux-x86_64 | 0.1.2 | 3.63 | 35.93 | 39.56 | OK | |
r-release-linux-x86_64 | 0.1.2 | 2.09 | 36.10 | 38.19 | OK | |
r-release-macos-arm64 | 0.1.2 | 31.00 | OK | |||
r-release-macos-x86_64 | 0.1.2 | 42.00 | OK | |||
r-release-windows-x86_64 | 0.1.2 | 7.00 | 59.00 | 66.00 | OK | |
r-oldrel-macos-arm64 | 0.1.2 | 8.00 | ERROR | |||
r-oldrel-macos-x86_64 | 0.1.2 | 14.00 | ERROR | |||
r-oldrel-windows-x86_64 | 0.1.2 | 6.00 | 59.00 | 65.00 | OK |
Version: 0.1.2
Check: package dependencies
Result: ERROR
Package required and available but unsuitable version: ‘stats’
See section ‘The DESCRIPTION file’ in the ‘Writing R Extensions’
manual.
Flavors: r-oldrel-macos-arm64, r-oldrel-macos-x86_64