Last updated on 2023-09-29 08:53:57 CEST.
Flavor | Version | Tinstall | Tcheck | Ttotal | Status | Flags |
---|---|---|---|---|---|---|
r-devel-linux-x86_64-debian-clang | 0.0.1 | 12.35 | 125.17 | 137.52 | NOTE | |
r-devel-linux-x86_64-debian-gcc | 0.0.1 | 7.77 | 95.37 | 103.14 | NOTE | |
r-devel-linux-x86_64-fedora-clang | 0.0.1 | 164.77 | NOTE | |||
r-devel-linux-x86_64-fedora-gcc | 0.0.1 | 178.01 | NOTE | |||
r-devel-windows-x86_64 | 0.0.1 | 11.00 | 106.00 | 117.00 | NOTE | |
r-patched-linux-x86_64 | 0.0.1 | 8.59 | 119.15 | 127.74 | OK | |
r-release-linux-x86_64 | 0.0.1 | 7.26 | 121.73 | 128.99 | OK | |
r-release-macos-arm64 | 0.0.1 | 57.00 | OK | |||
r-release-macos-x86_64 | 0.0.1 | 92.00 | OK | |||
r-release-windows-x86_64 | 0.0.1 | 14.00 | 134.00 | 148.00 | OK | |
r-oldrel-macos-arm64 | 0.0.1 | 46.00 | OK | |||
r-oldrel-macos-x86_64 | 0.0.1 | 1802.00 | OK | |||
r-oldrel-windows-x86_64 | 0.0.1 | 16.00 | 125.00 | 141.00 | OK |
Version: 0.0.1
Check: Rd \usage sections
Result: NOTE
Documented arguments not in \usage in documentation object 'check_results':
‘error_on_failure’ ‘error_on_warning’
Documented arguments not in \usage in documentation object 'function_get_comments':
‘thresholds’
Documented arguments not in \usage in documentation object 'vignette_results_display':
‘vignette_results’ ‘error_on_failure’
Functions with \usage entries need to have the appropriate \alias
entries, and all their arguments documented.
The \usage entries must correspond to syntactically valid R code.
See chapter ‘Writing R documentation files’ in the ‘Writing R
Extensions’ manual.
Flavors: r-devel-linux-x86_64-debian-clang, r-devel-linux-x86_64-debian-gcc, r-devel-linux-x86_64-fedora-clang, r-devel-linux-x86_64-fedora-gcc, r-devel-windows-x86_64