Last updated on 2024-03-29 07:54:41 CET.
Flavor | Version | Tinstall | Tcheck | Ttotal | Status | Flags |
---|---|---|---|---|---|---|
r-devel-linux-x86_64-debian-clang | 0.2.0 | 119.14 | 53.55 | 172.69 | NOTE | |
r-devel-linux-x86_64-debian-gcc | 0.2.0 | 96.54 | 39.04 | 135.58 | NOTE | |
r-devel-linux-x86_64-fedora-clang | 0.2.0 | 279.53 | NOTE | |||
r-devel-linux-x86_64-fedora-gcc | 0.2.0 | 265.67 | NOTE | |||
r-devel-windows-x86_64 | 0.2.0 | 89.00 | 84.00 | 173.00 | NOTE | |
r-patched-linux-x86_64 | 0.2.0 | 118.30 | 52.30 | 170.60 | NOTE | |
r-release-linux-x86_64 | 0.2.0 | 121.05 | 54.17 | 175.22 | NOTE | |
r-release-macos-arm64 | 0.2.0 | 67.00 | NOTE | |||
r-release-macos-x86_64 | 0.2.0 | 116.00 | NOTE | |||
r-release-windows-x86_64 | 0.2.0 | 92.00 | 99.00 | 191.00 | NOTE | |
r-oldrel-macos-arm64 | 0.2.0 | 66.00 | NOTE | |||
r-oldrel-windows-x86_64 | 0.2.0 | 118.00 | 103.00 | 221.00 | NOTE |
Version: 0.2.0
Check: C++ specification
Result: NOTE
Specified C++11: please drop specification unless essential
Flavors: r-devel-linux-x86_64-debian-clang, r-devel-linux-x86_64-debian-gcc, r-devel-linux-x86_64-fedora-clang, r-devel-linux-x86_64-fedora-gcc, r-devel-windows-x86_64, r-patched-linux-x86_64, r-release-linux-x86_64, r-release-macos-arm64, r-release-macos-x86_64, r-release-windows-x86_64
Version: 0.2.0
Check: installed package size
Result: NOTE
installed size is 5.2Mb
sub-directories of 1Mb or more:
data 4.8Mb
Flavors: r-devel-linux-x86_64-fedora-clang, r-devel-windows-x86_64, r-release-macos-arm64, r-release-macos-x86_64, r-release-windows-x86_64, r-oldrel-macos-arm64, r-oldrel-windows-x86_64
Version: 0.2.0
Check: data for non-ASCII characters
Result: NOTE
Note: found 9796 marked UTF-8 strings
Flavors: r-devel-linux-x86_64-fedora-clang, r-devel-linux-x86_64-fedora-gcc