Last updated on 2024-04-24 07:57:38 CEST.
Flavor | Version | Tinstall | Tcheck | Ttotal | Status | Flags |
---|---|---|---|---|---|---|
r-devel-linux-x86_64-debian-clang | 1.8.6 | 1.64 | 56.52 | 58.16 | OK | |
r-devel-linux-x86_64-debian-gcc | 1.8.6 | 2.00 | 44.10 | 46.10 | OK | |
r-devel-linux-x86_64-fedora-clang | 1.8.6 | 75.69 | OK | |||
r-devel-linux-x86_64-fedora-gcc | 1.8.6 | 84.51 | OK | |||
r-prerel-macos-arm64 | 1.8.6 | 82.00 | NOTE | |||
r-prerel-windows-x86_64 | 1.8.6 | 3.00 | 99.00 | 102.00 | OK | |
r-patched-linux-x86_64 | 1.8.6 | 2.92 | 54.51 | 57.43 | OK | |
r-release-linux-x86_64 | 1.8.6 | 1.57 | 52.28 | 53.85 | OK | |
r-release-macos-arm64 | 1.8.6 | 89.00 | NOTE | |||
r-release-macos-x86_64 | 1.8.6 | 145.00 | NOTE | |||
r-release-windows-x86_64 | 1.8.6 | 5.00 | 103.00 | 108.00 | OK | |
r-oldrel-macos-arm64 | 1.8.6 | 84.00 | NOTE | |||
r-oldrel-windows-x86_64 | 1.8.6 | 4.00 | 108.00 | 112.00 | OK |
Version: 1.8.6
Check: package dependencies
Result: NOTE
Package suggested but not available for checking: ‘doMPI’
Flavors: r-prerel-macos-arm64, r-release-macos-arm64, r-release-macos-x86_64, r-oldrel-macos-arm64
Version: 1.8.6
Check: Rd cross-references
Result: NOTE
Package unavailable to check Rd xrefs: ‘doMPI’
Flavors: r-prerel-macos-arm64, r-release-macos-arm64, r-release-macos-x86_64, r-oldrel-macos-arm64