CRAN Package Check Results for Package doMPI

Last updated on 2023-09-24 08:58:16 CEST.

Flavor Version Tinstall Tcheck Ttotal Status Flags
r-devel-linux-x86_64-debian-clang 0.2.2 3.46 36.71 40.17 OK
r-devel-linux-x86_64-debian-gcc 0.2.2 3.20 29.70 32.90 OK
r-devel-linux-x86_64-fedora-clang 0.2.2 59.30 OK
r-devel-linux-x86_64-fedora-gcc 0.2.2 70.68 OK
r-devel-windows-x86_64 0.2.2 5.00 59.00 64.00 OK
r-patched-linux-x86_64 0.2.2 3.93 36.53 40.46 OK
r-release-linux-x86_64 0.2.2 3.82 36.40 40.22 OK
r-release-macos-arm64 0.2.2 7.00 ERROR
r-release-macos-x86_64 0.2.2 8.00 ERROR
r-release-windows-x86_64 0.2.2 6.00 57.00 63.00 OK
r-oldrel-macos-arm64 0.2.2 9.00 ERROR
r-oldrel-macos-x86_64 0.2.2 11.00 ERROR
r-oldrel-windows-x86_64 0.2.2 6.00 59.00 65.00 OK

Check Details

Version: 0.2.2
Check: package dependencies
Result: ERROR
    Package required but not available: ‘Rmpi’
    
    See section ‘The DESCRIPTION file’ in the ‘Writing R Extensions’
    manual.
Flavors: r-release-macos-arm64, r-release-macos-x86_64, r-oldrel-macos-arm64, r-oldrel-macos-x86_64