CRAN Package Check Results for Package dng

Last updated on 2023-06-08 19:54:08 CEST.

Flavor Version Tinstall Tcheck Ttotal Status Flags
r-devel-linux-x86_64-debian-clang 0.2.1 140.82 29.76 170.58 NOTE
r-devel-linux-x86_64-debian-gcc 0.2.1 97.50 23.17 120.67 NOTE
r-devel-linux-x86_64-fedora-clang 0.2.1 263.95 NOTE
r-devel-linux-x86_64-fedora-gcc 0.2.1 246.51 NOTE
r-devel-windows-x86_64 0.2.1 90.00 61.00 151.00 NOTE
r-patched-linux-x86_64 0.2.1 111.63 28.93 140.56 NOTE
r-release-linux-x86_64 0.2.1 104.53 28.50 133.03 NOTE
r-release-macos-arm64 0.2.1 57.00 NOTE
r-release-macos-x86_64 0.2.1 96.00 NOTE
r-release-windows-x86_64 0.2.1 92.00 72.00 164.00 NOTE
r-oldrel-macos-arm64 0.2.1 57.00 NOTE
r-oldrel-macos-x86_64 0.2.1 68.00 NOTE
r-oldrel-windows-x86_64 0.2.1 115.00 73.00 188.00 NOTE

Check Details

Version: 0.2.1
Check: LazyData
Result: NOTE
     'LazyData' is specified without a 'data' directory
Flavors: r-devel-linux-x86_64-debian-clang, r-devel-linux-x86_64-debian-gcc, r-devel-linux-x86_64-fedora-clang, r-devel-linux-x86_64-fedora-gcc, r-devel-windows-x86_64, r-patched-linux-x86_64, r-release-linux-x86_64, r-release-macos-arm64, r-release-macos-x86_64, r-release-windows-x86_64, r-oldrel-macos-arm64, r-oldrel-macos-x86_64, r-oldrel-windows-x86_64