CRAN Package Check Results for Package dkanr

Last updated on 2023-09-25 20:08:46 CEST.

Flavor Version Tinstall Tcheck Ttotal Status Flags
r-devel-linux-x86_64-debian-clang 0.1.3 4.11 83.69 87.80 NOTE
r-devel-linux-x86_64-debian-gcc 0.1.3 2.99 62.47 65.46 NOTE
r-devel-linux-x86_64-fedora-clang 0.1.3 106.32 NOTE
r-devel-linux-x86_64-fedora-gcc 0.1.3 114.96 NOTE
r-devel-windows-x86_64 0.1.3 5.00 93.00 98.00 NOTE
r-patched-linux-x86_64 0.1.3 3.54 80.46 84.00 NOTE
r-release-linux-x86_64 0.1.3 3.21 81.13 84.34 NOTE
r-release-macos-arm64 0.1.3 42.00 NOTE
r-release-macos-x86_64 0.1.3 69.00 NOTE
r-release-windows-x86_64 0.1.3 6.00 111.00 117.00 NOTE
r-oldrel-macos-arm64 0.1.3 35.00 NOTE
r-oldrel-macos-x86_64 0.1.3 59.00 NOTE
r-oldrel-windows-x86_64 0.1.3 6.00 110.00 116.00 NOTE

Check Details

Version: 0.1.3
Check: LazyData
Result: NOTE
     'LazyData' is specified without a 'data' directory
Flavors: r-devel-linux-x86_64-debian-clang, r-devel-linux-x86_64-debian-gcc, r-devel-linux-x86_64-fedora-clang, r-devel-linux-x86_64-fedora-gcc, r-devel-windows-x86_64, r-patched-linux-x86_64, r-release-linux-x86_64, r-release-macos-arm64, r-release-macos-x86_64, r-release-windows-x86_64, r-oldrel-macos-arm64, r-oldrel-macos-x86_64, r-oldrel-windows-x86_64