Last updated on 2023-06-10 08:53:13 CEST.
Flavor | Version | Tinstall | Tcheck | Ttotal | Status | Flags |
---|---|---|---|---|---|---|
r-devel-linux-x86_64-debian-clang | 0.4.0 | 173.50 | 127.04 | 300.54 | NOTE | |
r-devel-linux-x86_64-debian-gcc | 0.4.0 | 143.05 | 95.88 | 238.93 | NOTE | |
r-devel-linux-x86_64-fedora-clang | 0.4.0 | 441.00 | NOTE | |||
r-devel-linux-x86_64-fedora-gcc | 0.4.0 | 428.69 | NOTE | |||
r-devel-windows-x86_64 | 0.4.0 | 135.00 | 132.00 | 267.00 | NOTE | |
r-patched-linux-x86_64 | 0.4.0 | 156.73 | 120.57 | 277.30 | NOTE | |
r-release-linux-x86_64 | 0.4.0 | 139.29 | 119.59 | 258.88 | NOTE | |
r-release-macos-arm64 | 0.4.0 | 107.00 | NOTE | |||
r-release-macos-x86_64 | 0.4.0 | 172.00 | NOTE | |||
r-release-windows-x86_64 | 0.4.0 | 171.00 | 172.00 | 343.00 | NOTE | |
r-oldrel-macos-arm64 | 0.4.0 | 64.00 | NOTE | |||
r-oldrel-macos-x86_64 | 0.4.0 | 120.00 | NOTE | |||
r-oldrel-windows-x86_64 | 0.4.0 | 165.00 | 145.00 | 310.00 | NOTE |
Version: 0.4.0
Check: package dependencies
Result: NOTE
Package suggested but not available for checking: ‘BOLTSSIRR’
Flavors: r-devel-linux-x86_64-debian-clang, r-devel-linux-x86_64-debian-gcc, r-devel-linux-x86_64-fedora-clang, r-devel-linux-x86_64-fedora-gcc, r-devel-windows-x86_64, r-patched-linux-x86_64, r-release-linux-x86_64, r-release-macos-arm64, r-release-macos-x86_64, r-release-windows-x86_64, r-oldrel-macos-arm64, r-oldrel-macos-x86_64, r-oldrel-windows-x86_64
Version: 0.4.0
Check: installed package size
Result: NOTE
installed size is 9.9Mb
sub-directories of 1Mb or more:
libs 9.5Mb
Flavors: r-release-macos-arm64, r-release-macos-x86_64, r-oldrel-macos-arm64, r-oldrel-macos-x86_64