Last updated on 2024-04-18 08:54:26 CEST.
Flavor | Version | Tinstall | Tcheck | Ttotal | Status | Flags |
---|---|---|---|---|---|---|
r-devel-linux-x86_64-debian-clang | 2.8.2 | 21.15 | 65.69 | 86.84 | OK | |
r-devel-linux-x86_64-debian-gcc | 2.8.2 | 17.28 | 48.27 | 65.55 | OK | |
r-devel-linux-x86_64-fedora-clang | 2.8.2 | 109.20 | NOTE | |||
r-devel-linux-x86_64-fedora-gcc | 2.8.2 | 105.56 | OK | |||
r-prerel-macos-arm64 | 2.8.2 | 31.00 | OK | |||
r-prerel-macos-x86_64 | 2.8.2 | 96.00 | NOTE | |||
r-prerel-windows-x86_64 | 2.8.2 | 16.00 | 69.00 | 85.00 | OK | |
r-patched-linux-x86_64 | 2.8.2 | 22.09 | 62.64 | 84.73 | OK | |
r-release-linux-x86_64 | 2.8.2 | 19.01 | 63.14 | 82.15 | OK | |
r-release-macos-arm64 | 2.8.2 | 40.00 | OK | |||
r-release-macos-x86_64 | 2.8.2 | 86.00 | OK | |||
r-release-windows-x86_64 | 2.8.2 | 18.00 | 76.00 | 94.00 | OK | |
r-oldrel-macos-arm64 | 2.8.2 | 39.00 | OK | |||
r-oldrel-windows-x86_64 | 2.8.2 | 24.00 | 91.00 | 115.00 | OK |
Version: 2.8.2
Check: Rd cross-references
Result: NOTE
Undeclared package ‘distrTEst’ in Rd xrefs
Flavor: r-devel-linux-x86_64-fedora-clang
Version: 2.8.2
Check: Rd cross-references
Result: NOTE
Unknown package ‘distrTEst’ in Rd xrefs
Flavor: r-prerel-macos-x86_64