CRAN Package Check Results for Package distrMod

Last updated on 2024-02-28 07:53:40 CET.

Flavor Version Tinstall Tcheck Ttotal Status Flags
r-devel-linux-x86_64-debian-clang 2.9.1 49.43 226.18 275.61 OK
r-devel-linux-x86_64-debian-gcc 2.9.1 37.04 166.51 203.55 OK
r-devel-linux-x86_64-fedora-clang 2.9.1 366.24 NOTE
r-devel-linux-x86_64-fedora-gcc 2.9.1 370.41 OK
r-devel-windows-x86_64 2.9.1 41.00 224.00 265.00 OK
r-patched-linux-x86_64 2.9.1 53.43 217.63 271.06 OK
r-release-linux-x86_64 2.9.1 52.10 220.96 273.06 OK
r-release-macos-arm64 2.9.1 101.00 OK
r-release-macos-x86_64 2.9.1 207.00 OK
r-release-windows-x86_64 2.9.1 56.00 266.00 322.00 OK
r-oldrel-macos-arm64 2.9.1 93.00 OK
r-oldrel-windows-x86_64 2.9.1 58.00 261.00 319.00 OK

Check Details

Version: 2.9.1
Check: Rd cross-references
Result: NOTE Undeclared package ‘RobAStBase’ in Rd xrefs Flavor: r-devel-linux-x86_64-fedora-clang