CRAN Package Check Results for Package disprose

Last updated on 2023-12-02 07:50:18 CET.

Flavor Version Tinstall Tcheck Ttotal Status Flags
r-devel-linux-x86_64-debian-clang 0.1.6 4.40 54.06 58.46 NOTE
r-devel-linux-x86_64-debian-gcc 0.1.6 3.88 40.83 44.71 NOTE
r-devel-linux-x86_64-fedora-clang 0.1.6 76.80 OK
r-devel-linux-x86_64-fedora-gcc 0.1.6 73.19 OK
r-devel-windows-x86_64 0.1.6 5.00 72.00 77.00 OK
r-patched-linux-x86_64 0.1.6 5.91 52.13 58.04 OK
r-release-linux-x86_64 0.1.6 5.28 52.02 57.30 OK
r-release-macos-arm64 0.1.6 34.00 OK
r-release-macos-x86_64 0.1.6 47.00 OK
r-release-windows-x86_64 0.1.6 6.00 79.00 85.00 OK
r-oldrel-macos-arm64 0.1.6 35.00 OK
r-oldrel-macos-x86_64 0.1.6 42.00 OK
r-oldrel-windows-x86_64 0.1.6 8.00 76.00 84.00 OK

Check Details

Version: 0.1.6
Check: Rd files
Result: NOTE checkRd: (-1) store_in_DB.Rd:89: Lost braces 89 | link{read_from_DB} function. Those parameters define rows and columns that will be returned. | ^ checkRd: (-1) unite_two_DF.Rd:46: Lost braces; missing escapes or markup? 46 | \code{data1.shared.var} and {data2.shared.var} must contain unique values within its own data frame. | ^ Flavors: r-devel-linux-x86_64-debian-clang, r-devel-linux-x86_64-debian-gcc