Last updated on 2024-04-17 19:58:35 CEST.
Flavor | Version | Tinstall | Tcheck | Ttotal | Status | Flags |
---|---|---|---|---|---|---|
r-devel-linux-x86_64-debian-clang | 0.1.2 | 33.47 | 47.67 | 81.14 | NOTE | |
r-devel-linux-x86_64-debian-gcc | 0.1.2 | 26.47 | 36.52 | 62.99 | NOTE | |
r-devel-linux-x86_64-fedora-clang | 0.1.2 | 120.47 | NOTE | |||
r-devel-linux-x86_64-fedora-gcc | 0.1.2 | 123.38 | NOTE | |||
r-prerel-macos-arm64 | 0.1.2 | 35.00 | NOTE | |||
r-prerel-windows-x86_64 | 0.1.2 | 27.00 | 77.00 | 104.00 | NOTE | |
r-patched-linux-x86_64 | 0.1.2 | 34.15 | 45.24 | 79.39 | NOTE | |
r-release-linux-x86_64 | 0.1.2 | 33.00 | 43.55 | 76.55 | NOTE | |
r-release-macos-arm64 | 0.1.2 | 39.00 | NOTE | |||
r-release-macos-x86_64 | 0.1.2 | 62.00 | NOTE | |||
r-release-windows-x86_64 | 0.1.2 | 29.00 | 83.00 | 112.00 | NOTE | |
r-oldrel-macos-arm64 | 0.1.2 | 34.00 | OK | |||
r-oldrel-windows-x86_64 | 0.1.2 | 35.00 | 85.00 | 120.00 | OK |
Version: 0.1.2
Check: C++ specification
Result: NOTE
Specified C++11: please drop specification unless essential
Flavors: r-devel-linux-x86_64-debian-clang, r-devel-linux-x86_64-debian-gcc, r-devel-linux-x86_64-fedora-clang, r-devel-linux-x86_64-fedora-gcc, r-prerel-macos-arm64, r-prerel-windows-x86_64, r-patched-linux-x86_64, r-release-linux-x86_64, r-release-macos-arm64, r-release-macos-x86_64, r-release-windows-x86_64