CRAN Package Check Results for Package disclapmix

Last updated on 2023-09-23 08:10:53 CEST.

Flavor Version Tinstall Tcheck Ttotal Status Flags
r-devel-linux-x86_64-debian-clang 1.7.4 35.17 80.11 115.28 NOTE
r-devel-linux-x86_64-debian-gcc 1.7.4 25.96 59.31 85.27 NOTE
r-devel-linux-x86_64-fedora-clang 1.7.4 177.52 NOTE
r-devel-linux-x86_64-fedora-gcc 1.7.4 168.38 NOTE
r-devel-windows-x86_64 1.7.4 28.00 114.00 142.00 NOTE
r-patched-linux-x86_64 1.7.4 34.61 75.80 110.41 NOTE
r-release-linux-x86_64 1.7.4 38.54 78.54 117.08 NOTE
r-release-macos-arm64 1.7.4 56.00 NOTE
r-release-macos-x86_64 1.7.4 88.00 NOTE
r-release-windows-x86_64 1.7.4 29.00 117.00 146.00 NOTE
r-oldrel-macos-arm64 1.7.4 54.00 OK
r-oldrel-macos-x86_64 1.7.4 68.00 OK
r-oldrel-windows-x86_64 1.7.4 37.00 116.00 153.00 OK

Check Details

Version: 1.7.4
Check: C++ specification
Result: NOTE
     Specified C++11: please drop specification unless essential
Flavors: r-devel-linux-x86_64-debian-clang, r-devel-linux-x86_64-debian-gcc, r-devel-linux-x86_64-fedora-clang, r-devel-linux-x86_64-fedora-gcc, r-devel-windows-x86_64, r-patched-linux-x86_64, r-release-linux-x86_64, r-release-macos-arm64, r-release-macos-x86_64, r-release-windows-x86_64