Last updated on 2023-09-22 19:54:30 CEST.
Flavor | Version | Tinstall | Tcheck | Ttotal | Status | Flags |
---|---|---|---|---|---|---|
r-devel-linux-x86_64-debian-clang | 2.0.0 | 15.72 | 199.39 | 215.11 | NOTE | |
r-devel-linux-x86_64-debian-gcc | 2.0.0 | 14.01 | 147.26 | 161.27 | NOTE | |
r-devel-linux-x86_64-fedora-clang | 2.0.0 | 272.54 | NOTE | |||
r-devel-linux-x86_64-fedora-gcc | 2.0.0 | 279.34 | NOTE | |||
r-devel-windows-x86_64 | 2.0.0 | 15.00 | 182.00 | 197.00 | NOTE | |
r-patched-linux-x86_64 | 2.0.0 | 13.98 | 185.37 | 199.35 | NOTE | |
r-release-linux-x86_64 | 2.0.0 | 11.14 | 190.97 | 202.11 | NOTE | |
r-release-macos-arm64 | 2.0.0 | 80.00 | NOTE | |||
r-release-macos-x86_64 | 2.0.0 | 162.00 | NOTE | |||
r-release-windows-x86_64 | 2.0.0 | 19.00 | 209.00 | 228.00 | NOTE | |
r-oldrel-macos-arm64 | 2.0.0 | 75.00 | OK | |||
r-oldrel-macos-x86_64 | 2.0.0 | 161.00 | OK | |||
r-oldrel-windows-x86_64 | 2.0.0 | 22.00 | 206.00 | 228.00 | OK |
Version: 2.0.0
Check: Rd files
Result: NOTE
checkRd: (-1) dataCensoring.Rd:78: Escaped LaTeX specials: \&
checkRd: (-1) dataLong.Rd:170: Escaped LaTeX specials: \&
checkRd: (-1) dataLongCompRisksTimeDep.Rd:130: Escaped LaTeX specials: \&
checkRd: (-1) dataLongMultiSpell.Rd:123: Escaped LaTeX specials: \&
checkRd: (-1) dataLongTimeDep.Rd:96: Escaped LaTeX specials: \&
Flavors: r-devel-linux-x86_64-debian-clang, r-devel-linux-x86_64-debian-gcc, r-devel-linux-x86_64-fedora-clang, r-devel-linux-x86_64-fedora-gcc, r-devel-windows-x86_64, r-patched-linux-x86_64, r-release-linux-x86_64, r-release-macos-arm64, r-release-macos-x86_64, r-release-windows-x86_64
Version: 2.0.0
Check: Rd cross-references
Result: NOTE
Undeclared package ‘Hmisc’ in Rd xrefs
Flavor: r-devel-linux-x86_64-fedora-clang