Last updated on 2024-03-28 19:48:29 CET.
Flavor | Version | Tinstall | Tcheck | Ttotal | Status | Flags |
---|---|---|---|---|---|---|
r-devel-linux-x86_64-debian-clang | 1.1.0 | 620.35 | 266.48 | 886.83 | NOTE | |
r-devel-linux-x86_64-debian-gcc | 1.1.0 | 454.57 | 223.75 | 678.32 | NOTE | |
r-devel-linux-x86_64-fedora-clang | 1.1.0 | 992.81 | NOTE | |||
r-devel-linux-x86_64-fedora-gcc | 1.1.0 | 1190.13 | NOTE | |||
r-devel-windows-x86_64 | 1.1.0 | 361.00 | 249.00 | 610.00 | NOTE | |
r-patched-linux-x86_64 | 1.1.0 | 373.48 | 285.80 | 659.28 | NOTE | |
r-release-linux-x86_64 | 1.1.0 | 390.26 | 294.78 | 685.04 | NOTE | |
r-release-macos-arm64 | 1.1.0 | 522.00 | NOTE | |||
r-release-macos-x86_64 | 1.1.0 | 611.00 | NOTE | |||
r-release-windows-x86_64 | 1.1.0 | 477.00 | 315.00 | 792.00 | NOTE | |
r-oldrel-macos-arm64 | 1.1.0 | 384.00 | NOTE | |||
r-oldrel-windows-x86_64 | 1.1.0 | 440.00 | 309.00 | 749.00 | NOTE |
Version: 1.1.0
Check: for GNU extensions in Makefiles
Result: NOTE
GNU make is a SystemRequirements.
Flavors: r-devel-linux-x86_64-debian-clang, r-devel-linux-x86_64-debian-gcc, r-devel-linux-x86_64-fedora-clang, r-devel-linux-x86_64-fedora-gcc, r-devel-windows-x86_64, r-patched-linux-x86_64, r-release-linux-x86_64, r-release-macos-arm64, r-release-macos-x86_64, r-release-windows-x86_64, r-oldrel-macos-arm64, r-oldrel-windows-x86_64
Version: 1.1.0
Check: installed package size
Result: NOTE
installed size is 7.4Mb
sub-directories of 1Mb or more:
libs 6.6Mb
Flavors: r-devel-linux-x86_64-fedora-clang, r-devel-windows-x86_64, r-release-macos-arm64, r-release-macos-x86_64, r-release-windows-x86_64, r-oldrel-macos-arm64, r-oldrel-windows-x86_64