CRAN Package Check Results for Package dina

Last updated on 2023-06-09 19:56:21 CEST.

Flavor Version Tinstall Tcheck Ttotal Status Flags
r-devel-linux-x86_64-debian-clang 2.0.0 35.17 28.67 63.84 NOTE
r-devel-linux-x86_64-debian-gcc 2.0.0 26.64 23.13 49.77 NOTE
r-devel-linux-x86_64-fedora-clang 2.0.0 92.88 NOTE
r-devel-linux-x86_64-fedora-gcc 2.0.0 90.11 NOTE
r-devel-windows-x86_64 2.0.0 29.00 64.00 93.00 NOTE
r-patched-linux-x86_64 2.0.0 24.90 28.51 53.41 NOTE
r-release-linux-x86_64 2.0.0 27.78 28.72 56.50 NOTE
r-release-macos-arm64 2.0.0 30.00 NOTE
r-release-macos-x86_64 2.0.0 42.00 NOTE
r-release-windows-x86_64 2.0.0 36.00 69.00 105.00 NOTE
r-oldrel-macos-arm64 2.0.0 31.00 OK
r-oldrel-macos-x86_64 2.0.0 36.00 OK
r-oldrel-windows-x86_64 2.0.0 36.00 69.00 105.00 OK

Check Details

Version: 2.0.0
Check: C++ specification
Result: NOTE
     Specified C++11: please drop specification unless essential
Flavors: r-devel-linux-x86_64-debian-clang, r-devel-linux-x86_64-debian-gcc, r-devel-linux-x86_64-fedora-clang, r-devel-linux-x86_64-fedora-gcc, r-devel-windows-x86_64, r-patched-linux-x86_64, r-release-linux-x86_64, r-release-macos-arm64, r-release-macos-x86_64, r-release-windows-x86_64