Last updated on 2023-09-28 19:59:38 CEST.
Flavor | Version | Tinstall | Tcheck | Ttotal | Status | Flags |
---|---|---|---|---|---|---|
r-devel-linux-x86_64-debian-clang | 0.3.1 | 43.12 | 476.24 | 519.36 | OK | |
r-devel-linux-x86_64-debian-gcc | 0.3.1 | 36.21 | 352.29 | 388.50 | OK | |
r-devel-linux-x86_64-fedora-clang | 0.3.1 | 628.94 | OK | |||
r-devel-linux-x86_64-fedora-gcc | 0.3.1 | 673.49 | OK | |||
r-devel-windows-x86_64 | 0.3.1 | 47.00 | 494.00 | 541.00 | OK | |
r-patched-linux-x86_64 | 0.3.1 | 49.45 | 450.33 | 499.78 | OK | |
r-release-linux-x86_64 | 0.3.1 | 37.11 | 453.07 | 490.18 | OK | |
r-release-macos-arm64 | 0.3.1 | 160.00 | NOTE | |||
r-release-macos-x86_64 | 0.3.1 | 311.00 | NOTE | |||
r-release-windows-x86_64 | 0.3.1 | 55.00 | 516.00 | 571.00 | OK | |
r-oldrel-macos-arm64 | 0.3.1 | 99.00 | ERROR | |||
r-oldrel-macos-x86_64 | 0.3.1 | 222.00 | OK | |||
r-oldrel-windows-x86_64 | 0.3.1 | 54.00 | 472.00 | 526.00 | OK |
Version: 0.3.1
Check: package dependencies
Result: NOTE
Packages suggested but not available for checking: 'rhdf5', 'HDF5Array'
Flavors: r-release-macos-arm64, r-release-macos-x86_64
Version: 0.3.1
Check: Rd cross-references
Result: NOTE
Package unavailable to check Rd xrefs: ‘HDF5Array’
Flavors: r-release-macos-arm64, r-release-macos-x86_64
Version: 0.3.1
Check: package dependencies
Result: ERROR
Package required but not available: ‘zinbwave’
See section ‘The DESCRIPTION file’ in the ‘Writing R Extensions’
manual.
Flavor: r-oldrel-macos-arm64