CRAN Package Check Results for Package diffobj

Last updated on 2025-01-15 19:49:22 CET.

Flavor Version Tinstall Tcheck Ttotal Status Flags
r-devel-linux-x86_64-debian-clang 0.3.5 15.27 112.44 127.71 NOTE
r-devel-linux-x86_64-debian-gcc 0.3.5 10.07 81.43 91.50 NOTE
r-devel-linux-x86_64-fedora-clang 0.3.5 213.24 OK
r-devel-linux-x86_64-fedora-gcc 0.3.5 220.91 OK
r-devel-windows-x86_64 0.3.5 22.00 146.00 168.00 NOTE
r-patched-linux-x86_64 0.3.5 14.11 106.64 120.75 OK
r-release-linux-x86_64 0.3.5 12.77 107.07 119.84 OK
r-release-macos-arm64 0.3.5 66.00 OK
r-release-macos-x86_64 0.3.5 108.00 OK
r-release-windows-x86_64 0.3.5 19.00 143.00 162.00 OK
r-oldrel-macos-arm64 0.3.5 77.00 OK
r-oldrel-macos-x86_64 0.3.5 116.00 OK
r-oldrel-windows-x86_64 0.3.5 18.00 163.00 181.00 OK

Check Details

Version: 0.3.5
Check: Rd cross-references
Result: NOTE Found the following Rd file(s) with Rd \link{} targets missing package anchors: diffChr.Rd: style, num_colors diffCsv.Rd: style, num_colors diffDeparse.Rd: style, num_colors diffFile.Rd: style, num_colors diffPrint.Rd: style, num_colors diffStr.Rd: style, num_colors Please provide package anchors for all Rd \link{} targets not in the package itself and the base packages. Flavors: r-devel-linux-x86_64-debian-clang, r-devel-linux-x86_64-debian-gcc, r-devel-windows-x86_64