CRAN Package Check Results for Package dgumbel

Last updated on 2023-06-04 19:53:07 CEST.

Flavor Version Tinstall Tcheck Ttotal Status Flags
r-devel-linux-x86_64-debian-clang 1.0.1 25.60 27.26 52.86 NOTE
r-devel-linux-x86_64-debian-gcc 1.0.1 19.64 21.60 41.24 NOTE
r-devel-linux-x86_64-fedora-clang 1.0.1 75.06 NOTE
r-devel-linux-x86_64-fedora-gcc 1.0.1 73.16 NOTE
r-devel-windows-x86_64 1.0.1 23.00 62.00 85.00 NOTE
r-patched-linux-x86_64 1.0.1 20.48 26.64 47.12 NOTE
r-release-linux-x86_64 1.0.1 18.81 26.57 45.38 NOTE
r-release-macos-arm64 1.0.1 27.00 NOTE
r-release-macos-x86_64 1.0.1 37.00 NOTE
r-release-windows-x86_64 1.0.1 28.00 68.00 96.00 NOTE
r-oldrel-macos-arm64 1.0.1 26.00 OK
r-oldrel-macos-x86_64 1.0.1 31.00 OK
r-oldrel-windows-x86_64 1.0.1 29.00 65.00 94.00 OK

Check Details

Version: 1.0.1
Check: C++ specification
Result: NOTE
     Specified C++11: please drop specification unless essential
Flavors: r-devel-linux-x86_64-debian-clang, r-devel-linux-x86_64-debian-gcc, r-devel-linux-x86_64-fedora-clang, r-devel-linux-x86_64-fedora-gcc, r-devel-windows-x86_64, r-patched-linux-x86_64, r-release-linux-x86_64, r-release-macos-arm64, r-release-macos-x86_64, r-release-windows-x86_64