Last updated on 2023-10-01 08:51:56 CEST.
Flavor | Version | Tinstall | Tcheck | Ttotal | Status | Flags |
---|---|---|---|---|---|---|
r-devel-linux-x86_64-debian-clang | 2.1.6 | 30.57 | 102.94 | 133.51 | WARN | |
r-devel-linux-x86_64-debian-gcc | 2.1.6 | 24.05 | 77.10 | 101.15 | WARN | |
r-devel-linux-x86_64-fedora-clang | 2.1.6 | 186.23 | WARN | |||
r-devel-linux-x86_64-fedora-gcc | 2.1.6 | 172.92 | WARN | |||
r-devel-windows-x86_64 | 2.1.6 | 31.00 | 107.00 | 138.00 | WARN | |
r-patched-linux-x86_64 | 2.1.6 | 31.83 | 99.16 | 130.99 | NOTE | |
r-release-linux-x86_64 | 2.1.6 | 31.12 | 100.20 | 131.32 | NOTE | |
r-release-macos-arm64 | 2.1.6 | 60.00 | NOTE | |||
r-release-macos-x86_64 | 2.1.6 | 92.00 | NOTE | |||
r-release-windows-x86_64 | 2.1.6 | 38.00 | 125.00 | 163.00 | NOTE | |
r-oldrel-macos-arm64 | 2.1.6 | 66.00 | OK | |||
r-oldrel-macos-x86_64 | 2.1.6 | 69.00 | OK | |||
r-oldrel-windows-x86_64 | 2.1.6 | 36.00 | 121.00 | 157.00 | OK |
Version: 2.1.6
Check: Rd files
Result: NOTE
checkRd: (-1) phihat.Rd:34: Escaped LaTeX specials: \&
Flavors: r-devel-linux-x86_64-debian-clang, r-devel-linux-x86_64-debian-gcc, r-devel-linux-x86_64-fedora-clang, r-devel-linux-x86_64-fedora-gcc, r-devel-windows-x86_64, r-patched-linux-x86_64, r-release-linux-x86_64, r-release-macos-arm64, r-release-macos-x86_64, r-release-windows-x86_64
Version: 2.1.6
Check: usage of KIND in Fortran files
Result: WARN
Found the following file with non-portable usage of KIND:
tools.f90
For details set environment variable _R_CHECK_FORTRAN_KIND_DETAILS_ to
a true value.
Flavors: r-devel-linux-x86_64-debian-clang, r-devel-linux-x86_64-debian-gcc, r-devel-linux-x86_64-fedora-clang, r-devel-linux-x86_64-fedora-gcc, r-devel-windows-x86_64