Last updated on 2024-04-24 07:57:37 CEST.
Flavor | Version | Tinstall | Tcheck | Ttotal | Status | Flags |
---|---|---|---|---|---|---|
r-devel-linux-x86_64-debian-clang | 3.0.0 | 744.69 | 173.78 | 918.47 | NOTE | |
r-devel-linux-x86_64-debian-gcc | 3.0.0 | 602.86 | 125.87 | 728.73 | NOTE | |
r-devel-linux-x86_64-fedora-clang | 3.0.0 | 1520.13 | NOTE | |||
r-devel-linux-x86_64-fedora-gcc | 3.0.0 | 1458.48 | NOTE | |||
r-prerel-macos-arm64 | 3.0.0 | 217.00 | NOTE | |||
r-prerel-windows-x86_64 | 3.0.0 | 624.00 | 177.00 | 801.00 | NOTE | |
r-patched-linux-x86_64 | 3.0.0 | 766.87 | 164.35 | 931.22 | NOTE | |
r-release-linux-x86_64 | 3.0.0 | 760.82 | 159.76 | 920.58 | NOTE | |
r-release-macos-arm64 | 3.0.0 | 285.00 | NOTE | |||
r-release-macos-x86_64 | 3.0.0 | 547.00 | NOTE | |||
r-release-windows-x86_64 | 3.0.0 | 754.00 | 217.00 | 971.00 | NOTE | |
r-oldrel-macos-arm64 | 3.0.0 | 231.00 | NOTE | |||
r-oldrel-windows-x86_64 | 3.0.0 | 758.00 | 210.00 | 968.00 | OK |
Version: 3.0.0
Check: C++ specification
Result: NOTE
Specified C++11: please drop specification unless essential
Flavors: r-devel-linux-x86_64-debian-clang, r-devel-linux-x86_64-debian-gcc, r-devel-linux-x86_64-fedora-clang, r-devel-linux-x86_64-fedora-gcc, r-prerel-macos-arm64, r-prerel-windows-x86_64, r-patched-linux-x86_64, r-release-linux-x86_64, r-release-macos-arm64, r-release-macos-x86_64, r-release-windows-x86_64
Version: 3.0.0
Check: installed package size
Result: NOTE
installed size is 15.9Mb
sub-directories of 1Mb or more:
doc 1.5Mb
libs 14.0Mb
Flavors: r-prerel-macos-arm64, r-release-macos-arm64, r-release-macos-x86_64, r-oldrel-macos-arm64