Last updated on 2023-06-08 08:55:19 CEST.
Flavor | Version | Tinstall | Tcheck | Ttotal | Status | Flags |
---|---|---|---|---|---|---|
r-devel-linux-x86_64-debian-clang | 0.2.1 | 80.50 | 118.12 | 198.62 | OK | |
r-devel-linux-x86_64-debian-gcc | 0.2.1 | 65.04 | 93.29 | 158.33 | OK | |
r-devel-linux-x86_64-fedora-clang | 0.2.1 | 278.14 | NOTE | |||
r-devel-linux-x86_64-fedora-gcc | 0.2.1 | 276.27 | NOTE | |||
r-devel-windows-x86_64 | 0.2.1 | 63.00 | 145.00 | 208.00 | OK | |
r-patched-linux-x86_64 | 0.2.1 | 72.81 | 115.91 | 188.72 | OK | |
r-release-linux-x86_64 | 0.2.1 | 64.30 | 114.30 | 178.60 | OK | |
r-release-macos-arm64 | 0.2.1 | 82.00 | NOTE | |||
r-release-macos-x86_64 | 0.2.1 | 156.00 | NOTE | |||
r-release-windows-x86_64 | 0.2.1 | 78.00 | 163.00 | 241.00 | OK | |
r-oldrel-macos-arm64 | 0.2.1 | 80.00 | NOTE | |||
r-oldrel-macos-x86_64 | 0.2.1 | 91.00 | NOTE | |||
r-oldrel-windows-x86_64 | 0.2.1 | 76.00 | 155.00 | 231.00 | OK |
Version: 0.2.1
Check: dependencies in R code
Result: NOTE
Namespace in Imports field not imported from: ‘Rcpp’
All declared Imports should be used.
Flavors: r-devel-linux-x86_64-fedora-clang, r-devel-linux-x86_64-fedora-gcc
Version: 0.2.1
Check: installed package size
Result: NOTE
installed size is 6.2Mb
sub-directories of 1Mb or more:
doc 1.9Mb
libs 4.0Mb
Flavors: r-release-macos-arm64, r-release-macos-x86_64, r-oldrel-macos-arm64, r-oldrel-macos-x86_64