Last updated on 2024-04-18 20:55:32 CEST.
Flavor | Version | Tinstall | Tcheck | Ttotal | Status | Flags |
---|---|---|---|---|---|---|
r-devel-linux-x86_64-debian-clang | 0.2.1 | 85.30 | 115.71 | 201.01 | OK | |
r-devel-linux-x86_64-debian-gcc | 0.2.1 | 62.52 | 99.75 | 162.27 | OK | |
r-devel-linux-x86_64-fedora-clang | 0.2.1 | 273.78 | NOTE | |||
r-devel-linux-x86_64-fedora-gcc | 0.2.1 | 310.52 | NOTE | |||
r-prerel-macos-arm64 | 0.2.1 | 76.00 | NOTE | |||
r-prerel-windows-x86_64 | 0.2.1 | 64.00 | 143.00 | 207.00 | OK | |
r-patched-linux-x86_64 | 0.2.1 | 74.75 | 122.70 | 197.45 | OK | |
r-release-linux-x86_64 | 0.2.1 | 83.15 | 119.21 | 202.36 | OK | |
r-release-macos-arm64 | 0.2.1 | 82.00 | NOTE | |||
r-release-macos-x86_64 | 0.2.1 | 156.00 | NOTE | |||
r-release-windows-x86_64 | 0.2.1 | 67.00 | 163.00 | 230.00 | OK | |
r-oldrel-macos-arm64 | 0.2.1 | 80.00 | NOTE | |||
r-oldrel-windows-x86_64 | 0.2.1 | 75.00 | 152.00 | 227.00 | OK |
Version: 0.2.1
Check: dependencies in R code
Result: NOTE
Namespace in Imports field not imported from: ‘Rcpp’
All declared Imports should be used.
Flavors: r-devel-linux-x86_64-fedora-clang, r-devel-linux-x86_64-fedora-gcc
Version: 0.2.1
Check: installed package size
Result: NOTE
installed size is 6.0Mb
sub-directories of 1Mb or more:
doc 1.9Mb
libs 3.8Mb
Flavors: r-prerel-macos-arm64, r-release-macos-arm64, r-release-macos-x86_64, r-oldrel-macos-arm64