Last updated on 2023-05-29 08:54:57 CEST.
Flavor | Version | Tinstall | Tcheck | Ttotal | Status | Flags |
---|---|---|---|---|---|---|
r-devel-linux-x86_64-debian-clang | 0.9.3 | 62.29 | 196.27 | 258.56 | NOTE | |
r-devel-linux-x86_64-debian-gcc | 0.9.3 | 48.84 | 141.89 | 190.73 | NOTE | |
r-devel-linux-x86_64-fedora-clang | 0.9.3 | 341.58 | NOTE | |||
r-devel-linux-x86_64-fedora-gcc | 0.9.3 | 334.41 | NOTE | |||
r-devel-windows-x86_64 | 0.9.3 | 49.00 | 169.00 | 218.00 | NOTE | |
r-patched-linux-x86_64 | 0.9.3 | 45.56 | 179.17 | 224.73 | NOTE | |
r-release-linux-x86_64 | 0.9.3 | 40.58 | 179.61 | 220.19 | NOTE | |
r-release-macos-arm64 | 0.9.3 | 96.00 | NOTE | |||
r-release-macos-x86_64 | 0.9.3 | 170.00 | NOTE | |||
r-release-windows-x86_64 | 0.9.3 | 64.00 | 214.00 | 278.00 | NOTE | |
r-oldrel-macos-arm64 | 0.9.3 | 79.00 | OK | |||
r-oldrel-macos-x86_64 | 0.9.3 | 128.00 | OK | |||
r-oldrel-windows-x86_64 | 0.9.3 | 62.00 | 201.00 | 263.00 | OK |
Version: 0.9.3
Check: C++ specification
Result: NOTE
Specified C++11: please drop specification unless essential
Flavors: r-devel-linux-x86_64-debian-clang, r-devel-linux-x86_64-debian-gcc, r-devel-linux-x86_64-fedora-clang, r-devel-linux-x86_64-fedora-gcc, r-devel-windows-x86_64, r-patched-linux-x86_64, r-release-linux-x86_64, r-release-macos-arm64, r-release-macos-x86_64, r-release-windows-x86_64