Last updated on 2024-04-18 20:55:32 CEST.
Flavor | Version | Tinstall | Tcheck | Ttotal | Status | Flags |
---|---|---|---|---|---|---|
r-devel-linux-x86_64-debian-clang | 1.4.2 | 166.80 | 268.00 | 434.80 | OK | |
r-devel-linux-x86_64-debian-gcc | 1.4.2 | 126.64 | 214.46 | 341.10 | OK | |
r-devel-linux-x86_64-fedora-clang | 1.4.2 | 607.32 | OK | |||
r-devel-linux-x86_64-fedora-gcc | 1.4.2 | 602.01 | OK | |||
r-prerel-macos-arm64 | 1.4.2 | 142.00 | NOTE | |||
r-prerel-macos-x86_64 | 1.4.2 | 331.00 | NOTE | |||
r-prerel-windows-x86_64 | 1.4.2 | 128.00 | 210.00 | 338.00 | OK | |
r-patched-linux-x86_64 | 1.4.2 | 155.50 | 269.54 | 425.04 | OK | |
r-release-linux-x86_64 | 1.4.2 | 160.42 | 298.54 | 458.96 | OK | |
r-release-macos-arm64 | 1.4.2 | 147.00 | NOTE | |||
r-release-macos-x86_64 | 1.4.2 | 279.00 | NOTE | |||
r-release-windows-x86_64 | 1.4.2 | 155.00 | 249.00 | 404.00 | OK | |
r-oldrel-macos-arm64 | 1.4.2 | 136.00 | NOTE | |||
r-oldrel-windows-x86_64 | 1.4.2 | 154.00 | 247.00 | 401.00 | OK |
Version: 1.4.2
Check: installed package size
Result: NOTE
installed size is 10.0Mb
sub-directories of 1Mb or more:
doc 1.1Mb
libs 8.1Mb
Flavors: r-prerel-macos-arm64, r-prerel-macos-x86_64, r-release-macos-arm64, r-release-macos-x86_64, r-oldrel-macos-arm64