Last updated on 2024-03-28 07:52:47 CET.
Flavor | Version | Tinstall | Tcheck | Ttotal | Status | Flags |
---|---|---|---|---|---|---|
r-devel-linux-x86_64-debian-clang | 0.6.15 | 158.50 | 126.31 | 284.81 | NOTE | |
r-devel-linux-x86_64-debian-gcc | 0.6.15 | 118.44 | 94.92 | 213.36 | NOTE | |
r-devel-linux-x86_64-fedora-clang | 0.6.15 | 390.87 | NOTE | |||
r-devel-linux-x86_64-fedora-gcc | 0.6.15 | 404.85 | NOTE | |||
r-devel-windows-x86_64 | 0.6.15 | 130.00 | 133.00 | 263.00 | NOTE | |
r-patched-linux-x86_64 | 0.6.15 | 140.36 | 120.15 | 260.51 | NOTE | |
r-release-linux-x86_64 | 0.6.15 | 103.88 | 123.43 | 227.31 | NOTE | |
r-release-macos-arm64 | 0.6.15 | 107.00 | NOTE | |||
r-release-macos-x86_64 | 0.6.15 | 177.00 | NOTE | |||
r-release-windows-x86_64 | 0.6.15 | 163.00 | 151.00 | 314.00 | NOTE | |
r-oldrel-macos-arm64 | 0.6.15 | 71.00 | NOTE | |||
r-oldrel-windows-x86_64 | 0.6.15 | 148.00 | 153.00 | 301.00 | NOTE |
Version: 0.6.15
Check: for GNU extensions in Makefiles
Result: NOTE
GNU make is a SystemRequirements.
Flavors: r-devel-linux-x86_64-debian-clang, r-devel-linux-x86_64-debian-gcc, r-devel-linux-x86_64-fedora-clang, r-devel-linux-x86_64-fedora-gcc, r-devel-windows-x86_64, r-patched-linux-x86_64, r-release-linux-x86_64, r-release-macos-arm64, r-release-macos-x86_64, r-release-windows-x86_64, r-oldrel-macos-arm64, r-oldrel-windows-x86_64