Last updated on 2023-06-10 08:53:13 CEST.
Flavor | Version | Tinstall | Tcheck | Ttotal | Status | Flags |
---|---|---|---|---|---|---|
r-devel-linux-x86_64-debian-clang | 0.9.6 | 33.68 | 101.01 | 134.69 | NOTE | |
r-devel-linux-x86_64-debian-gcc | 0.9.6 | 25.32 | 77.05 | 102.37 | NOTE | |
r-devel-linux-x86_64-fedora-clang | 0.9.6 | 175.83 | NOTE | |||
r-devel-linux-x86_64-fedora-gcc | 0.9.6 | 180.37 | NOTE | |||
r-devel-windows-x86_64 | 0.9.6 | 31.00 | 120.00 | 151.00 | NOTE | |
r-patched-linux-x86_64 | 0.9.6 | 25.85 | 96.63 | 122.48 | NOTE | |
r-release-linux-x86_64 | 0.9.6 | 27.02 | 95.10 | 122.12 | NOTE | |
r-release-macos-arm64 | 0.9.6 | 57.00 | NOTE | |||
r-release-macos-x86_64 | 0.9.6 | 100.00 | NOTE | |||
r-release-windows-x86_64 | 0.9.6 | 40.00 | 144.00 | 184.00 | NOTE | |
r-oldrel-macos-arm64 | 0.9.6 | 50.00 | NOTE | |||
r-oldrel-macos-x86_64 | 0.9.6 | 91.00 | NOTE | |||
r-oldrel-windows-x86_64 | 0.9.6 | 39.00 | 134.00 | 173.00 | NOTE |
Version: 0.9.6
Check: LazyData
Result: NOTE
'LazyData' is specified without a 'data' directory
Flavors: r-devel-linux-x86_64-debian-clang, r-devel-linux-x86_64-debian-gcc, r-devel-linux-x86_64-fedora-clang, r-devel-linux-x86_64-fedora-gcc, r-devel-windows-x86_64, r-patched-linux-x86_64, r-release-linux-x86_64, r-release-macos-arm64, r-release-macos-x86_64, r-release-windows-x86_64, r-oldrel-macos-arm64, r-oldrel-macos-x86_64, r-oldrel-windows-x86_64
Version: 0.9.6
Check: installed package size
Result: NOTE
installed size is 5.3Mb
sub-directories of 1Mb or more:
extdata 2.1Mb
libs 2.3Mb
Flavors: r-release-macos-arm64, r-release-macos-x86_64, r-oldrel-macos-arm64, r-oldrel-macos-x86_64