Last updated on 2023-09-25 20:08:46 CEST.
Flavor | Version | Tinstall | Tcheck | Ttotal | Status | Flags |
---|---|---|---|---|---|---|
r-devel-linux-x86_64-debian-clang | 0.1.13 | 11.72 | 127.93 | 139.65 | OK | |
r-devel-linux-x86_64-debian-gcc | 0.1.13 | 10.09 | 95.85 | 105.94 | OK | |
r-devel-linux-x86_64-fedora-clang | 0.1.13 | 169.23 | NOTE | |||
r-devel-linux-x86_64-fedora-gcc | 0.1.13 | 185.83 | NOTE | |||
r-devel-windows-x86_64 | 0.1.13 | 12.00 | 106.00 | 118.00 | OK | |
r-patched-linux-x86_64 | 0.1.13 | 10.25 | 123.58 | 133.83 | OK | |
r-release-linux-x86_64 | 0.1.13 | 8.79 | 123.32 | 132.11 | OK | |
r-release-macos-arm64 | 0.1.13 | 57.00 | OK | |||
r-release-macos-x86_64 | 0.1.13 | 165.00 | OK | |||
r-release-windows-x86_64 | 0.1.13 | 16.00 | 129.00 | 145.00 | OK | |
r-oldrel-macos-arm64 | 0.1.13 | 48.00 | OK | |||
r-oldrel-macos-x86_64 | 0.1.13 | 69.00 | OK | |||
r-oldrel-windows-x86_64 | 0.1.13 | 18.00 | 130.00 | 148.00 | OK |
Version: 0.1.13
Check: data for non-ASCII characters
Result: NOTE
Note: found 47 marked UTF-8 strings
Flavors: r-devel-linux-x86_64-fedora-clang, r-devel-linux-x86_64-fedora-gcc