Last updated on 2023-05-28 20:03:55 CEST.
Flavor | Version | Tinstall | Tcheck | Ttotal | Status | Flags |
---|---|---|---|---|---|---|
r-devel-linux-x86_64-debian-clang | 0.3.0 | 2.79 | 402.94 | 405.73 | NOTE | |
r-devel-linux-x86_64-debian-gcc | 0.3.0 | 3.07 | 292.28 | 295.35 | NOTE | |
r-devel-linux-x86_64-fedora-clang | 0.3.0 | 489.08 | NOTE | |||
r-devel-linux-x86_64-fedora-gcc | 0.3.0 | 494.39 | NOTE | |||
r-devel-windows-x86_64 | 0.3.0 | 3.00 | 327.00 | 330.00 | NOTE | |
r-patched-linux-x86_64 | 0.3.0 | 3.77 | 388.47 | 392.24 | NOTE | |
r-release-linux-x86_64 | 0.3.0 | 2.93 | 394.11 | 397.04 | NOTE | |
r-release-macos-arm64 | 0.3.0 | 128.00 | NOTE | |||
r-release-macos-x86_64 | 0.3.0 | 235.00 | NOTE | |||
r-release-windows-x86_64 | 0.3.0 | 5.00 | 387.00 | 392.00 | NOTE | |
r-oldrel-macos-arm64 | 0.3.0 | 115.00 | OK | |||
r-oldrel-macos-x86_64 | 0.3.0 | 157.00 | OK | |||
r-oldrel-windows-x86_64 | 0.3.0 | 6.00 | 367.00 | 373.00 | OK |
Version: 0.3.0
Check: package subdirectories
Result: NOTE
Problems with news in ‘NEWS.md’:
No news entries found.
Flavors: r-devel-linux-x86_64-debian-clang, r-devel-linux-x86_64-debian-gcc, r-devel-linux-x86_64-fedora-clang, r-devel-linux-x86_64-fedora-gcc, r-devel-windows-x86_64, r-patched-linux-x86_64, r-release-linux-x86_64, r-release-macos-arm64, r-release-macos-x86_64, r-release-windows-x86_64