Last updated on 2024-04-19 07:56:39 CEST.
Flavor | Version | Tinstall | Tcheck | Ttotal | Status | Flags |
---|---|---|---|---|---|---|
r-devel-linux-x86_64-debian-clang | 1.2-1 | 2.61 | 220.64 | 223.25 | NOTE | |
r-devel-linux-x86_64-debian-gcc | 1.2-1 | NOTE | ||||
r-devel-linux-x86_64-fedora-clang | 1.2-1 | 285.11 | NOTE | |||
r-devel-linux-x86_64-fedora-gcc | 1.2-1 | 314.69 | NOTE | |||
r-prerel-macos-arm64 | 1.2-1 | 114.00 | NOTE | |||
r-prerel-windows-x86_64 | 1.2-1 | 5.00 | 208.00 | 213.00 | NOTE | |
r-patched-linux-x86_64 | 1.2-1 | 2.77 | 231.83 | 234.60 | NOTE | |
r-release-linux-x86_64 | 1.2-1 | 2.34 | 230.51 | 232.85 | OK | |
r-release-macos-arm64 | 1.2-1 | 121.00 | OK | |||
r-release-macos-x86_64 | 1.2-1 | 194.00 | OK | |||
r-release-windows-x86_64 | 1.2-1 | 4.00 | 224.00 | 228.00 | OK | |
r-oldrel-macos-arm64 | 1.2-1 | 118.00 | OK | |||
r-oldrel-windows-x86_64 | 1.2-1 | 4.00 | 226.00 | 230.00 | OK |
Version: 1.2-1
Check: Rd files
Result: NOTE
checkRd: (-1) deconv.Rd:85: Lost braces; missing escapes or markup?
85 | \code{tg}, std. error of \eqn{g}, \eqn{G} (the cdf of {g}),
| ^
Flavors: r-devel-linux-x86_64-debian-clang, r-devel-linux-x86_64-debian-gcc, r-devel-linux-x86_64-fedora-clang, r-devel-linux-x86_64-fedora-gcc, r-prerel-macos-arm64, r-prerel-windows-x86_64, r-patched-linux-x86_64