CRAN Package Check Results for Package deTS

Last updated on 2023-10-04 08:01:35 CEST.

Flavor Version Tinstall Tcheck Ttotal Status Flags
r-devel-linux-x86_64-debian-clang 1.0 3.72 63.09 66.81 OK
r-devel-linux-x86_64-debian-gcc 1.0 3.35 47.87 51.22 OK
r-devel-linux-x86_64-fedora-clang 1.0 79.75 NOTE
r-devel-linux-x86_64-fedora-gcc 1.0 81.41 NOTE
r-devel-windows-x86_64 1.0 5.00 78.00 83.00 OK
r-patched-linux-x86_64 1.0 3.61 59.04 62.65 OK
r-release-linux-x86_64 1.0 2.77 59.09 61.86 OK
r-release-macos-arm64 1.0 34.00 OK
r-release-macos-x86_64 1.0 53.00 OK
r-release-windows-x86_64 1.0 7.00 81.00 88.00 OK
r-oldrel-macos-arm64 1.0 29.00 NOTE
r-oldrel-macos-x86_64 1.0 41.00 NOTE
r-oldrel-windows-x86_64 1.0 7.00 88.00 95.00 OK

Check Details

Version: 1.0
Check: dependencies in R code
Result: NOTE
    Namespace in Imports field not imported from: ‘RColorBrewer’
     All declared Imports should be used.
Flavors: r-devel-linux-x86_64-fedora-clang, r-devel-linux-x86_64-fedora-gcc, r-oldrel-macos-arm64, r-oldrel-macos-x86_64