Last updated on 2024-04-23 07:50:59 CEST.
Flavor | Version | Tinstall | Tcheck | Ttotal | Status | Flags |
---|---|---|---|---|---|---|
r-devel-linux-x86_64-debian-clang | 1.15.2 | 8.68 | 214.46 | 223.14 | NOTE | |
r-devel-linux-x86_64-debian-gcc | 1.15.2 | 6.71 | 159.01 | 165.72 | NOTE | |
r-devel-linux-x86_64-fedora-clang | 1.15.2 | 294.48 | NOTE | |||
r-devel-linux-x86_64-fedora-gcc | 1.15.2 | 298.12 | NOTE | |||
r-prerel-macos-arm64 | 1.15.2 | 83.00 | NOTE | |||
r-prerel-windows-x86_64 | 1.15.2 | 10.00 | 257.00 | 267.00 | NOTE | |
r-patched-linux-x86_64 | 1.15.2 | 9.87 | 210.60 | 220.47 | NOTE | |
r-release-linux-x86_64 | 1.15.2 | 4.74 | 206.54 | 211.28 | OK | |
r-release-macos-arm64 | 1.15.2 | 91.00 | OK | |||
r-release-macos-x86_64 | 1.15.2 | 196.00 | OK | |||
r-release-windows-x86_64 | 1.15.2 | 12.00 | 302.00 | 314.00 | OK | |
r-oldrel-macos-arm64 | 1.15.2 | 85.00 | OK | |||
r-oldrel-windows-x86_64 | 1.15.2 | 13.00 | 275.00 | 288.00 | OK |
Version: 1.15.2
Check: Rd files
Result: NOTE
checkRd: (-1) plot.ddpcr_plate.Rd:136-137: Lost braces in \itemize; meant \describe ?
checkRd: (-1) plot.ddpcr_plate.Rd:138-139: Lost braces in \itemize; meant \describe ?
checkRd: (-1) plot.ddpcr_plate.Rd:140-141: Lost braces in \itemize; meant \describe ?
Flavors: r-devel-linux-x86_64-debian-clang, r-devel-linux-x86_64-debian-gcc, r-devel-linux-x86_64-fedora-clang, r-devel-linux-x86_64-fedora-gcc, r-prerel-macos-arm64, r-prerel-windows-x86_64, r-patched-linux-x86_64
Version: 1.15.2
Check: installed package size
Result: NOTE
installed size is 5.0Mb
sub-directories of 1Mb or more:
sample_data 3.1Mb
Flavor: r-devel-linux-x86_64-fedora-clang
Version: 1.15.2
Check: dependencies in R code
Result: NOTE
Namespace in Imports field not imported from: ‘shinydisconnect’
All declared Imports should be used.
Flavors: r-devel-linux-x86_64-fedora-clang, r-devel-linux-x86_64-fedora-gcc