Last updated on 2024-04-19 07:56:39 CEST.
Flavor | Version | Tinstall | Tcheck | Ttotal | Status | Flags |
---|---|---|---|---|---|---|
r-devel-linux-x86_64-debian-clang | 0.1.1 | 3.80 | 64.46 | 68.26 | OK | |
r-devel-linux-x86_64-debian-gcc | 0.1.1 | OK | ||||
r-devel-linux-x86_64-fedora-clang | 0.1.1 | 82.28 | NOTE | |||
r-devel-linux-x86_64-fedora-gcc | 0.1.1 | 92.88 | NOTE | |||
r-prerel-macos-arm64 | 0.1.1 | 36.00 | OK | |||
r-prerel-windows-x86_64 | 0.1.1 | 4.00 | 70.00 | 74.00 | OK | |
r-patched-linux-x86_64 | 0.1.1 | 3.02 | 60.51 | 63.53 | OK | |
r-release-linux-x86_64 | 0.1.1 | 3.51 | 57.76 | 61.27 | OK | |
r-release-macos-arm64 | 0.1.1 | 38.00 | OK | |||
r-release-macos-x86_64 | 0.1.1 | 57.00 | OK | |||
r-release-windows-x86_64 | 0.1.1 | 4.00 | 71.00 | 75.00 | OK | |
r-oldrel-macos-arm64 | 0.1.1 | 32.00 | OK | |||
r-oldrel-windows-x86_64 | 0.1.1 | 5.00 | 75.00 | 80.00 | OK |
Version: 0.1.1
Check: dependencies in R code
Result: NOTE
Namespaces in Imports field not imported from:
‘MASS’ ‘qpdf’
All declared Imports should be used.
Flavors: r-devel-linux-x86_64-fedora-clang, r-devel-linux-x86_64-fedora-gcc