Last updated on 2024-03-28 19:48:29 CET.
Flavor | Version | Tinstall | Tcheck | Ttotal | Status | Flags |
---|---|---|---|---|---|---|
r-devel-linux-x86_64-debian-clang | 1.3.15 | 202.25 | 137.07 | 339.32 | OK | |
r-devel-linux-x86_64-debian-gcc | 1.3.15 | 150.60 | 103.26 | 253.86 | OK | |
r-devel-linux-x86_64-fedora-clang | 1.3.15 | 484.29 | NOTE | |||
r-devel-linux-x86_64-fedora-gcc | 1.3.15 | 459.49 | OK | |||
r-devel-windows-x86_64 | 1.3.15 | 159.00 | 160.00 | 319.00 | OK | |
r-patched-linux-x86_64 | 1.3.15 | 188.99 | 132.56 | 321.55 | OK | |
r-release-linux-x86_64 | 1.3.15 | 182.52 | 134.71 | 317.23 | OK | |
r-release-macos-arm64 | 1.3.15 | 103.00 | OK | |||
r-release-macos-x86_64 | 1.3.15 | 177.00 | OK | |||
r-release-windows-x86_64 | 1.3.15 | 198.00 | 187.00 | 385.00 | OK | |
r-oldrel-macos-arm64 | 1.3.15 | 100.00 | OK | |||
r-oldrel-windows-x86_64 | 1.3.15 | 178.00 | 178.00 | 356.00 | OK |
Version: 1.3.15
Check: Rd cross-references
Result: NOTE
Undeclared package ‘fda.usc’ in Rd xrefs
Flavor: r-devel-linux-x86_64-fedora-clang