CRAN Package Check Results for Package dcmle

Last updated on 2023-05-29 20:00:20 CEST.

Flavor Version Tinstall Tcheck Ttotal Status Flags
r-devel-linux-x86_64-debian-clang 0.3-1 19.18 168.99 188.17 NOTE
r-devel-linux-x86_64-debian-gcc 0.3-1 17.94 126.01 143.95 NOTE
r-devel-linux-x86_64-fedora-clang 0.3-1 241.52 NOTE
r-devel-linux-x86_64-fedora-gcc 0.3-1 229.62 NOTE
r-devel-windows-x86_64 0.3-1 19.00 142.00 161.00 NOTE
r-patched-linux-x86_64 0.3-1 24.65 157.46 182.11 NOTE
r-release-linux-x86_64 0.3-1 15.37 159.21 174.58 NOTE
r-release-macos-arm64 0.3-1 64.00 NOTE
r-release-macos-x86_64 0.3-1 112.00 NOTE
r-release-windows-x86_64 0.3-1 24.00 176.00 200.00 NOTE
r-oldrel-macos-arm64 0.3-1 82.00 NOTE
r-oldrel-macos-x86_64 0.3-1 87.00 NOTE
r-oldrel-windows-x86_64 0.3-1 27.00 174.00 201.00 NOTE

Check Details

Version: 0.3-1
Check: LazyData
Result: NOTE
     'LazyData' is specified without a 'data' directory
Flavors: r-devel-linux-x86_64-debian-clang, r-devel-linux-x86_64-debian-gcc, r-devel-linux-x86_64-fedora-clang, r-devel-linux-x86_64-fedora-gcc, r-devel-windows-x86_64, r-patched-linux-x86_64, r-release-linux-x86_64, r-release-macos-arm64, r-release-macos-x86_64, r-release-windows-x86_64, r-oldrel-macos-arm64, r-oldrel-macos-x86_64, r-oldrel-windows-x86_64