Last updated on 2023-05-29 08:54:56 CEST.
Flavor | Version | Tinstall | Tcheck | Ttotal | Status | Flags |
---|---|---|---|---|---|---|
r-devel-linux-x86_64-debian-clang | 2.3-0 | 15.72 | 152.94 | 168.66 | OK | |
r-devel-linux-x86_64-debian-gcc | 2.3-0 | 13.75 | 113.48 | 127.23 | OK | |
r-devel-linux-x86_64-fedora-clang | 2.3-0 | 222.07 | OK | |||
r-devel-linux-x86_64-fedora-gcc | 2.3-0 | 206.02 | OK | |||
r-devel-windows-x86_64 | 2.3-0 | 17.00 | 137.00 | 154.00 | NOTE | |
r-patched-linux-x86_64 | 2.3-0 | 20.21 | 142.57 | 162.78 | OK | |
r-release-linux-x86_64 | 2.3-0 | 11.48 | 141.82 | 153.30 | OK | |
r-release-macos-arm64 | 2.3-0 | 61.00 | NOTE | |||
r-release-macos-x86_64 | 2.3-0 | 102.00 | NOTE | |||
r-release-windows-x86_64 | 2.3-0 | 20.00 | 163.00 | 183.00 | NOTE | |
r-oldrel-macos-arm64 | 2.3-0 | 70.00 | NOTE | |||
r-oldrel-macos-x86_64 | 2.3-0 | 89.00 | NOTE | |||
r-oldrel-windows-x86_64 | 2.3-0 | 21.00 | 158.00 | 179.00 | NOTE |
Version: 2.3-0
Check: package dependencies
Result: NOTE
Package suggested but not available for checking: 'BRugs'
Flavors: r-devel-windows-x86_64, r-release-macos-arm64, r-release-macos-x86_64, r-release-windows-x86_64, r-oldrel-macos-arm64, r-oldrel-macos-x86_64, r-oldrel-windows-x86_64