Last updated on 2024-03-28 07:52:47 CET.
Flavor | Version | Tinstall | Tcheck | Ttotal | Status | Flags |
---|---|---|---|---|---|---|
r-devel-linux-x86_64-debian-clang | 2.3-2 | 28.52 | 206.87 | 235.39 | OK | |
r-devel-linux-x86_64-debian-gcc | 2.3-2 | 28.07 | 155.09 | 183.16 | OK | |
r-devel-linux-x86_64-fedora-clang | 2.3-2 | 302.43 | OK | |||
r-devel-linux-x86_64-fedora-gcc | 2.3-2 | 292.31 | OK | |||
r-devel-windows-x86_64 | 2.3-2 | 21.00 | 160.00 | 181.00 | NOTE | |
r-patched-linux-x86_64 | 2.3-2 | 39.91 | 203.89 | 243.80 | OK | |
r-release-linux-x86_64 | 2.3-2 | 29.41 | 206.72 | 236.13 | OK | |
r-release-macos-arm64 | 2.3-2 | 55.00 | NOTE | |||
r-release-macos-x86_64 | 2.3-2 | 137.00 | NOTE | |||
r-release-windows-x86_64 | 2.3-2 | 29.00 | 196.00 | 225.00 | NOTE | |
r-oldrel-macos-arm64 | 2.3-2 | 57.00 | NOTE | |||
r-oldrel-windows-x86_64 | 2.3-2 | 29.00 | 201.00 | 230.00 | NOTE |
Version: 2.3-2
Check: package dependencies
Result: NOTE
Package suggested but not available for checking: 'BRugs'
Flavors: r-devel-windows-x86_64, r-release-macos-arm64, r-release-macos-x86_64, r-release-windows-x86_64, r-oldrel-macos-arm64, r-oldrel-windows-x86_64