Last updated on 2023-09-22 19:54:30 CEST.
Flavor | Version | Tinstall | Tcheck | Ttotal | Status | Flags |
---|---|---|---|---|---|---|
r-devel-linux-x86_64-debian-clang | 0.1.0 | 57.09 | 121.30 | 178.39 | NOTE | |
r-devel-linux-x86_64-debian-gcc | 0.1.0 | 39.11 | 91.04 | 130.15 | NOTE | |
r-devel-linux-x86_64-fedora-clang | 0.1.0 | 244.91 | NOTE | |||
r-devel-linux-x86_64-fedora-gcc | 0.1.0 | 235.12 | NOTE | |||
r-devel-windows-x86_64 | 0.1.0 | 43.00 | 125.00 | 168.00 | NOTE | |
r-patched-linux-x86_64 | 0.1.0 | 54.09 | 117.64 | 171.73 | NOTE | |
r-release-linux-x86_64 | 0.1.0 | 47.91 | 119.77 | 167.68 | NOTE | |
r-release-macos-arm64 | 0.1.0 | 60.00 | NOTE | |||
r-release-macos-x86_64 | 0.1.0 | 105.00 | NOTE | |||
r-release-windows-x86_64 | 0.1.0 | 58.00 | 145.00 | 203.00 | NOTE | |
r-oldrel-macos-arm64 | 0.1.0 | 57.00 | NOTE | |||
r-oldrel-macos-x86_64 | 0.1.0 | 105.00 | NOTE | |||
r-oldrel-windows-x86_64 | 0.1.0 | 58.00 | 143.00 | 201.00 | OK |
Version: 0.1.0
Check: C++ specification
Result: NOTE
Specified C++11: please drop specification unless essential
Flavors: r-devel-linux-x86_64-debian-clang, r-devel-linux-x86_64-debian-gcc, r-devel-linux-x86_64-fedora-clang, r-devel-linux-x86_64-fedora-gcc, r-devel-windows-x86_64, r-patched-linux-x86_64, r-release-linux-x86_64, r-release-macos-arm64, r-release-macos-x86_64, r-release-windows-x86_64
Version: 0.1.0
Check: Rd \usage sections
Result: NOTE
Documented arguments not in \usage in documentation object 'a_dcc_mat_est':
‘param’
Documented arguments not in \usage in documentation object 'dcc_mat_est':
‘param’
Documented arguments not in \usage in documentation object 'deco_mat_est':
‘param’
Functions with \usage entries need to have the appropriate \alias
entries, and all their arguments documented.
The \usage entries must correspond to syntactically valid R code.
See chapter ‘Writing R documentation files’ in the ‘Writing R
Extensions’ manual.
Flavors: r-devel-linux-x86_64-debian-clang, r-devel-linux-x86_64-debian-gcc, r-devel-linux-x86_64-fedora-clang, r-devel-linux-x86_64-fedora-gcc, r-devel-windows-x86_64
Version: 0.1.0
Check: dependencies in R code
Result: NOTE
Namespaces in Imports field not imported from:
‘Rcpp’ ‘lubridate’ ‘tseries’
All declared Imports should be used.
Flavors: r-devel-linux-x86_64-fedora-clang, r-devel-linux-x86_64-fedora-gcc, r-oldrel-macos-arm64, r-oldrel-macos-x86_64