Last updated on 2024-04-18 08:54:25 CEST.
Flavor | Version | Tinstall | Tcheck | Ttotal | Status | Flags |
---|---|---|---|---|---|---|
r-devel-linux-x86_64-debian-clang | 1.1-12 | 197.14 | 121.24 | 318.38 | OK | |
r-devel-linux-x86_64-debian-gcc | 1.1-12 | 140.51 | 89.65 | 230.16 | OK | |
r-devel-linux-x86_64-fedora-clang | 1.1-12 | 461.48 | OK | |||
r-devel-linux-x86_64-fedora-gcc | 1.1-12 | 472.17 | OK | |||
r-prerel-macos-arm64 | 1.1-12 | 93.00 | NOTE | |||
r-prerel-windows-x86_64 | 1.1-12 | 144.00 | 153.00 | 297.00 | OK | |
r-patched-linux-x86_64 | 1.1-12 | 188.54 | 116.95 | 305.49 | OK | |
r-release-linux-x86_64 | 1.1-12 | 179.73 | 114.34 | 294.07 | OK | |
r-release-macos-arm64 | 1.1-12 | 100.00 | NOTE | |||
r-release-macos-x86_64 | 1.1-12 | 177.00 | NOTE | |||
r-release-windows-x86_64 | 1.1-12 | 143.00 | 162.00 | 305.00 | OK | |
r-oldrel-macos-arm64 | 1.1-12 | 95.00 | NOTE | |||
r-oldrel-windows-x86_64 | 1.1-12 | 161.00 | 159.00 | 320.00 | OK |
Version: 1.1-12
Check: installed package size
Result: NOTE
installed size is 9.6Mb
sub-directories of 1Mb or more:
doc 2.6Mb
libs 6.4Mb
Flavors: r-prerel-macos-arm64, r-release-macos-arm64, r-release-macos-x86_64, r-oldrel-macos-arm64