Last updated on 2023-06-05 20:57:35 CEST.
Flavor | Version | Tinstall | Tcheck | Ttotal | Status | Flags |
---|---|---|---|---|---|---|
r-devel-linux-x86_64-debian-clang | 0.7.1 | 12.42 | 212.80 | 225.22 | OK | |
r-devel-linux-x86_64-debian-gcc | 0.7.1 | 9.57 | 168.96 | 178.53 | OK | |
r-devel-linux-x86_64-fedora-clang | 0.7.1 | 294.15 | OK | |||
r-devel-linux-x86_64-fedora-gcc | 0.7.1 | 297.48 | OK | |||
r-devel-windows-x86_64 | 0.7.1 | 12.00 | 188.00 | 200.00 | OK | |
r-patched-linux-x86_64 | 0.7.1 | 16.68 | 207.67 | 224.35 | OK | |
r-release-linux-x86_64 | 0.7.1 | 11.30 | 205.68 | 216.98 | OK | |
r-release-macos-arm64 | 0.7.1 | 88.00 | OK | |||
r-release-macos-x86_64 | 0.7.1 | 133.00 | NOTE | |||
r-release-windows-x86_64 | 0.7.1 | 11.00 | 213.00 | 224.00 | OK | |
r-oldrel-macos-arm64 | 0.7.1 | 77.00 | OK | |||
r-oldrel-macos-x86_64 | 0.7.1 | 133.00 | OK | |||
r-oldrel-windows-x86_64 | 0.7.1 | 15.00 | 193.00 | 208.00 | OK |
Version: 0.7.1
Check: package dependencies
Result: NOTE
Packages suggested but not available for checking: 'brms', 'rstanarm'
Flavor: r-release-macos-x86_64