CRAN Package Check Results for Package data.validator

Last updated on 2024-02-28 07:53:39 CET.

Flavor Version Tinstall Tcheck Ttotal Status Flags
r-devel-linux-x86_64-debian-clang 0.2.1 6.07 55.07 61.14 OK
r-devel-linux-x86_64-debian-gcc 0.2.1 5.12 42.50 47.62 OK
r-devel-linux-x86_64-fedora-clang 0.2.1 77.32 NOTE
r-devel-linux-x86_64-fedora-gcc 0.2.1 77.51 OK
r-devel-windows-x86_64 0.2.1 8.00 65.00 73.00 OK
r-patched-linux-x86_64 0.2.1 5.06 53.17 58.23 OK
r-release-linux-x86_64 0.2.1 4.38 53.99 58.37 OK
r-release-macos-arm64 0.2.1 35.00 OK
r-release-macos-x86_64 0.2.1 50.00 OK
r-release-windows-x86_64 0.2.1 10.00 73.00 83.00 OK
r-oldrel-macos-arm64 0.2.1 33.00 OK
r-oldrel-windows-x86_64 0.2.1 10.00 83.00 93.00 OK

Check Details

Version: 0.2.1
Check: Rd cross-references
Result: NOTE Undeclared package ‘tidyselect’ in Rd xrefs Flavor: r-devel-linux-x86_64-fedora-clang