CRAN Package Check Results for Package dann

Last updated on 2023-06-07 20:04:38 CEST.

Flavor Version Tinstall Tcheck Ttotal Status Flags
r-devel-linux-x86_64-debian-clang 0.2.6 39.87 265.31 305.18 NOTE
r-devel-linux-x86_64-debian-gcc 0.2.6 30.10 180.97 211.07 NOTE
r-devel-linux-x86_64-fedora-clang 0.2.6 371.54 NOTE
r-devel-linux-x86_64-fedora-gcc 0.2.6 376.87 NOTE
r-devel-windows-x86_64 0.2.6 34.00 209.00 243.00 NOTE
r-patched-linux-x86_64 0.2.6 31.40 249.23 280.63 NOTE
r-release-linux-x86_64 0.2.6 31.77 245.49 277.26 NOTE
r-release-macos-arm64 0.2.6 100.00 NOTE
r-release-macos-x86_64 0.2.6 184.00 NOTE
r-release-windows-x86_64 0.2.6 42.00 232.00 274.00 NOTE
r-oldrel-macos-arm64 0.2.6 86.00 OK
r-oldrel-macos-x86_64 0.2.6 138.00 OK
r-oldrel-windows-x86_64 0.2.6 41.00 230.00 271.00 OK

Check Details

Version: 0.2.6
Check: C++ specification
Result: NOTE
     Specified C++11: please drop specification unless essential
Flavors: r-devel-linux-x86_64-debian-clang, r-devel-linux-x86_64-debian-gcc, r-devel-linux-x86_64-fedora-clang, r-devel-linux-x86_64-fedora-gcc, r-devel-windows-x86_64, r-patched-linux-x86_64, r-release-linux-x86_64, r-release-macos-arm64, r-release-macos-x86_64, r-release-windows-x86_64