Last updated on 2023-10-04 08:01:35 CEST.
Flavor | Version | Tinstall | Tcheck | Ttotal | Status | Flags |
---|---|---|---|---|---|---|
r-devel-linux-x86_64-debian-clang | 0.3-1 | 5.01 | 58.91 | 63.92 | NOTE | |
r-devel-linux-x86_64-debian-gcc | 0.3-1 | 5.10 | 45.42 | 50.52 | NOTE | |
r-devel-linux-x86_64-fedora-clang | 0.3-1 | 78.42 | NOTE | |||
r-devel-linux-x86_64-fedora-gcc | 0.3-1 | 89.24 | NOTE | |||
r-devel-windows-x86_64 | 0.3-1 | 7.00 | 74.00 | 81.00 | NOTE | |
r-patched-linux-x86_64 | 0.3-1 | 5.25 | 55.59 | 60.84 | NOTE | |
r-release-linux-x86_64 | 0.3-1 | 5.92 | 56.34 | 62.26 | NOTE | |
r-release-macos-arm64 | 0.3-1 | 34.00 | NOTE | |||
r-release-macos-x86_64 | 0.3-1 | 48.00 | NOTE | |||
r-release-windows-x86_64 | 0.3-1 | 10.00 | 72.00 | 82.00 | NOTE | |
r-oldrel-macos-arm64 | 0.3-1 | 29.00 | NOTE | |||
r-oldrel-macos-x86_64 | 0.3-1 | 40.00 | NOTE | |||
r-oldrel-windows-x86_64 | 0.3-1 | 9.00 | 71.00 | 80.00 | NOTE |
Version: 0.3-1
Check: LazyData
Result: NOTE
'LazyData' is specified without a 'data' directory
Flavors: r-devel-linux-x86_64-debian-clang, r-devel-linux-x86_64-debian-gcc, r-devel-linux-x86_64-fedora-clang, r-devel-linux-x86_64-fedora-gcc, r-devel-windows-x86_64, r-patched-linux-x86_64, r-release-linux-x86_64, r-release-macos-arm64, r-release-macos-x86_64, r-release-windows-x86_64, r-oldrel-macos-arm64, r-oldrel-macos-x86_64, r-oldrel-windows-x86_64