Last updated on 2023-05-29 20:00:20 CEST.
Flavor | Version | Tinstall | Tcheck | Ttotal | Status | Flags |
---|---|---|---|---|---|---|
r-devel-linux-x86_64-debian-clang | 4.0.0 | 24.08 | 231.43 | 255.51 | NOTE | |
r-devel-linux-x86_64-debian-gcc | 4.0.0 | 18.05 | 171.04 | 189.09 | NOTE | |
r-devel-linux-x86_64-fedora-clang | 4.0.0 | 315.49 | NOTE | |||
r-devel-linux-x86_64-fedora-gcc | 4.0.0 | 308.35 | NOTE | |||
r-devel-windows-x86_64 | 4.0.0 | 21.00 | 213.00 | 234.00 | NOTE | |
r-patched-linux-x86_64 | 4.0.0 | 29.85 | 216.00 | 245.85 | NOTE | |
r-release-linux-x86_64 | 4.0.0 | 22.50 | 219.28 | 241.78 | NOTE | |
r-release-macos-arm64 | 4.0.0 | 89.00 | NOTE | |||
r-release-macos-x86_64 | 4.0.0 | 155.00 | NOTE | |||
r-release-windows-x86_64 | 4.0.0 | 29.00 | 273.00 | 302.00 | NOTE | |
r-oldrel-macos-arm64 | 4.0.0 | 72.00 | NOTE | |||
r-oldrel-macos-x86_64 | 4.0.0 | 131.00 | NOTE | |||
r-oldrel-windows-x86_64 | 4.0.0 | 28.00 | 267.00 | 295.00 | OK |
Version: 4.0.0
Check: Rd files
Result: NOTE
checkRd: (-1) dspg.Rd:29: Escaped LaTeX specials: \^ \^
checkRd: (-1) dspgd2015.Rd:31: Escaped LaTeX specials: \^ \^
Flavors: r-devel-linux-x86_64-debian-clang, r-devel-linux-x86_64-debian-gcc, r-devel-linux-x86_64-fedora-clang, r-devel-linux-x86_64-fedora-gcc, r-devel-windows-x86_64, r-patched-linux-x86_64, r-release-linux-x86_64, r-release-macos-arm64, r-release-macos-x86_64, r-release-windows-x86_64
Version: 4.0.0
Check: data for non-ASCII characters
Result: NOTE
Note: found 4 marked Latin-1 strings
Note: found 21 marked UTF-8 strings
Flavors: r-devel-linux-x86_64-fedora-clang, r-devel-linux-x86_64-fedora-gcc, r-oldrel-macos-arm64, r-oldrel-macos-x86_64