Last updated on 2023-12-06 18:52:41 CET.
Flavor | Version | Tinstall | Tcheck | Ttotal | Status | Flags |
---|---|---|---|---|---|---|
r-devel-linux-x86_64-debian-clang | 0.3.10 | 4.25 | 42.04 | 46.29 | NOTE | |
r-devel-linux-x86_64-debian-gcc | 0.3.10 | 3.69 | 32.37 | 36.06 | NOTE | |
r-devel-linux-x86_64-fedora-clang | 0.3.10 | 60.48 | NOTE | |||
r-devel-linux-x86_64-fedora-gcc | 0.3.10 | 54.93 | NOTE | |||
r-devel-windows-x86_64 | 0.3.10 | 5.00 | 54.00 | 59.00 | OK | |
r-patched-linux-x86_64 | 0.3.10 | 3.68 | 40.54 | 44.22 | OK | |
r-release-linux-x86_64 | 0.3.10 | 3.85 | 40.64 | 44.49 | OK | |
r-release-macos-arm64 | 0.3.10 | 21.00 | OK | |||
r-release-macos-x86_64 | 0.3.10 | 30.00 | OK | |||
r-release-windows-x86_64 | 0.3.10 | 7.00 | 59.00 | 66.00 | OK | |
r-oldrel-macos-arm64 | 0.3.10 | 23.00 | NOTE | |||
r-oldrel-macos-x86_64 | 0.3.10 | 30.00 | NOTE | |||
r-oldrel-windows-x86_64 | 0.3.10 | 6.00 | 64.00 | 70.00 | OK |
Version: 0.3.10
Check: Rd files
Result: NOTE
checkRd: (-1) czso_get_catalogue.Rd:14: Lost braces; missing escapes or markup?
14 | \item the \code{spatial} columns contains an IRI ending in the pattern {unit_type}/{unit_code}.
| ^
checkRd: (-1) czso_get_catalogue.Rd:14: Lost braces; missing escapes or markup?
14 | \item the \code{spatial} columns contains an IRI ending in the pattern {unit_type}/{unit_code}.
| ^
Flavors: r-devel-linux-x86_64-debian-clang, r-devel-linux-x86_64-debian-gcc
Version: 0.3.10
Check: dependencies in R code
Result: NOTE
Namespace in Imports field not imported from: ‘stringi’
All declared Imports should be used.
Flavors: r-devel-linux-x86_64-fedora-clang, r-devel-linux-x86_64-fedora-gcc, r-oldrel-macos-arm64, r-oldrel-macos-x86_64