Last updated on 2024-03-28 19:48:28 CET.
Flavor | Version | Tinstall | Tcheck | Ttotal | Status | Flags |
---|---|---|---|---|---|---|
r-devel-linux-x86_64-debian-clang | 0.2.0 | 23.38 | 211.91 | 235.29 | NOTE | |
r-devel-linux-x86_64-debian-gcc | 0.2.0 | 21.12 | 155.35 | 176.47 | NOTE | |
r-devel-linux-x86_64-fedora-clang | 0.2.0 | 340.23 | NOTE | |||
r-devel-linux-x86_64-fedora-gcc | 0.2.0 | 315.31 | NOTE | |||
r-devel-windows-x86_64 | 0.2.0 | 23.00 | 169.00 | 192.00 | NOTE | |
r-patched-linux-x86_64 | 0.2.0 | 33.07 | 203.24 | 236.31 | NOTE | |
r-release-linux-x86_64 | 0.2.0 | 21.07 | 206.99 | 228.06 | OK | |
r-release-macos-arm64 | 0.2.0 | 80.00 | OK | |||
r-release-macos-x86_64 | 0.2.0 | 137.00 | OK | |||
r-release-windows-x86_64 | 0.2.0 | 31.00 | 216.00 | 247.00 | OK | |
r-oldrel-macos-arm64 | 0.2.0 | 77.00 | OK | |||
r-oldrel-windows-x86_64 | 0.2.0 | 34.00 | 205.00 | 239.00 | OK |
Version: 0.2.0
Check: Rd files
Result: NOTE
checkRd: (-1) gammamix.Rd:47-48: Lost braces in \itemize; \value handles \item{}{} directly
checkRd: (-1) gammamix.Rd:49-51: Lost braces in \itemize; \value handles \item{}{} directly
checkRd: (-1) gammamix.Rd:52-53: Lost braces in \itemize; \value handles \item{}{} directly
checkRd: (-1) gammamix.Rd:54-55: Lost braces in \itemize; \value handles \item{}{} directly
checkRd: (-1) joint.Rd:41-42: Lost braces in \itemize; \value handles \item{}{} directly
checkRd: (-1) joint.Rd:43-45: Lost braces in \itemize; \value handles \item{}{} directly
checkRd: (-1) joint.Rd:46-47: Lost braces in \itemize; \value handles \item{}{} directly
checkRd: (-1) lnormmix.Rd:44-45: Lost braces in \itemize; \value handles \item{}{} directly
checkRd: (-1) lnormmix.Rd:46-48: Lost braces in \itemize; \value handles \item{}{} directly
checkRd: (-1) lnormmix.Rd:49-50: Lost braces in \itemize; \value handles \item{}{} directly
checkRd: (-1) lnormmix.Rd:51-52: Lost braces in \itemize; \value handles \item{}{} directly
checkRd: (-1) normmix.Rd:43-44: Lost braces in \itemize; \value handles \item{}{} directly
checkRd: (-1) normmix.Rd:45-47: Lost braces in \itemize; \value handles \item{}{} directly
checkRd: (-1) normmix.Rd:48-49: Lost braces in \itemize; \value handles \item{}{} directly
checkRd: (-1) normmix.Rd:50-51: Lost braces in \itemize; \value handles \item{}{} directly
checkRd: (-1) plot_joint_box.Rd:61: Lost braces
61 | and step lengths (code{x}).
| ^
checkRd: (-1) vonmisesmix.Rd:40-41: Lost braces in \itemize; \value handles \item{}{} directly
checkRd: (-1) vonmisesmix.Rd:42-44: Lost braces in \itemize; \value handles \item{}{} directly
checkRd: (-1) vonmisesmix.Rd:45-46: Lost braces in \itemize; \value handles \item{}{} directly
checkRd: (-1) vonmisesmix.Rd:47-48: Lost braces in \itemize; \value handles \item{}{} directly
checkRd: (-1) weibullmix.Rd:44-45: Lost braces in \itemize; \value handles \item{}{} directly
checkRd: (-1) weibullmix.Rd:46-48: Lost braces in \itemize; \value handles \item{}{} directly
checkRd: (-1) weibullmix.Rd:49-50: Lost braces in \itemize; \value handles \item{}{} directly
checkRd: (-1) weibullmix.Rd:51-52: Lost braces in \itemize; \value handles \item{}{} directly
checkRd: (-1) wrappedcauchy.Rd:43-44: Lost braces in \itemize; \value handles \item{}{} directly
checkRd: (-1) wrappedcauchy.Rd:45-47: Lost braces in \itemize; \value handles \item{}{} directly
checkRd: (-1) wrappedcauchy.Rd:48-49: Lost braces in \itemize; \value handles \item{}{} directly
checkRd: (-1) wrappedcauchy.Rd:50-51: Lost braces in \itemize; \value handles \item{}{} directly
Flavors: r-devel-linux-x86_64-debian-clang, r-devel-linux-x86_64-debian-gcc, r-devel-linux-x86_64-fedora-clang, r-devel-linux-x86_64-fedora-gcc, r-devel-windows-x86_64, r-patched-linux-x86_64