Last updated on 2024-04-23 07:50:59 CEST.
Flavor | Version | Tinstall | Tcheck | Ttotal | Status | Flags |
---|---|---|---|---|---|---|
r-devel-linux-x86_64-debian-clang | 1.1.1 | 67.97 | 71.73 | 139.70 | OK | |
r-devel-linux-x86_64-debian-gcc | 1.1.1 | 49.72 | 53.02 | 102.74 | OK | |
r-devel-linux-x86_64-fedora-clang | 1.1.1 | 205.43 | NOTE | |||
r-devel-linux-x86_64-fedora-gcc | 1.1.1 | 198.02 | NOTE | |||
r-prerel-macos-arm64 | 1.1.1 | 47.00 | OK | |||
r-prerel-windows-x86_64 | 1.1.1 | 56.00 | 82.00 | 138.00 | OK | |
r-patched-linux-x86_64 | 1.1.1 | 63.95 | 68.77 | 132.72 | OK | |
r-release-linux-x86_64 | 1.1.1 | 65.30 | 68.09 | 133.39 | OK | |
r-release-macos-arm64 | 1.1.1 | 56.00 | OK | |||
r-release-macos-x86_64 | 1.1.1 | 90.00 | OK | |||
r-release-windows-x86_64 | 1.1.1 | 67.00 | 102.00 | 169.00 | OK | |
r-oldrel-macos-arm64 | 1.1.1 | 49.00 | OK | |||
r-oldrel-windows-x86_64 | 1.1.1 | 60.00 | 99.00 | 159.00 | OK |
Version: 1.1.1
Check: compiled code
Result: NOTE
File ‘cycleRtools/libs/cycleRtools.so’:
Found no calls to: ‘R_registerRoutines’, ‘R_useDynamicSymbols’
It is good practice to register native routines and to disable symbol
search.
See ‘Writing portable packages’ in the ‘Writing R Extensions’ manual.
Flavors: r-devel-linux-x86_64-fedora-clang, r-devel-linux-x86_64-fedora-gcc