Last updated on 2023-05-29 20:00:20 CEST.
Flavor | Version | Tinstall | Tcheck | Ttotal | Status | Flags |
---|---|---|---|---|---|---|
r-devel-linux-x86_64-debian-clang | 0.1.0.9 | 65.51 | 34.39 | 99.90 | NOTE | |
r-devel-linux-x86_64-debian-gcc | 0.1.0.9 | 49.13 | 26.93 | 76.06 | NOTE | |
r-devel-linux-x86_64-fedora-clang | 0.1.0.9 | 141.21 | NOTE | |||
r-devel-linux-x86_64-fedora-gcc | 0.1.0.9 | 138.63 | NOTE | |||
r-devel-windows-x86_64 | 0.1.0.9 | 50.00 | 66.00 | 116.00 | NOTE | |
r-patched-linux-x86_64 | 0.1.0.9 | 52.82 | 33.55 | 86.37 | NOTE | |
r-release-linux-x86_64 | 0.1.0.9 | 56.25 | 33.32 | 89.57 | NOTE | |
r-release-macos-arm64 | 0.1.0.9 | 37.00 | NOTE | |||
r-release-macos-x86_64 | 0.1.0.9 | 59.00 | NOTE | |||
r-release-windows-x86_64 | 0.1.0.9 | 63.00 | 79.00 | 142.00 | NOTE | |
r-oldrel-macos-arm64 | 0.1.0.9 | 37.00 | OK | |||
r-oldrel-macos-x86_64 | 0.1.0.9 | 46.00 | OK | |||
r-oldrel-windows-x86_64 | 0.1.0.9 | 62.00 | 75.00 | 137.00 | OK |
Version: 0.1.0.9
Check: C++ specification
Result: NOTE
Specified C++11: please drop specification unless essential
Flavors: r-devel-linux-x86_64-debian-clang, r-devel-linux-x86_64-debian-gcc, r-devel-linux-x86_64-fedora-clang, r-devel-linux-x86_64-fedora-gcc, r-devel-windows-x86_64, r-patched-linux-x86_64, r-release-linux-x86_64, r-release-macos-arm64, r-release-macos-x86_64, r-release-windows-x86_64