CRAN Package Check Results for Package curveDepth

Last updated on 2024-06-14 08:56:35 CEST.

Flavor Version Tinstall Tcheck Ttotal Status Flags
r-devel-linux-x86_64-debian-clang 0.1.0.9 62.91 35.55 98.46 NOTE
r-devel-linux-x86_64-debian-gcc 0.1.0.9 43.27 27.40 70.67 NOTE
r-devel-linux-x86_64-fedora-clang 0.1.0.9 144.65 NOTE
r-devel-linux-x86_64-fedora-gcc 0.1.0.9 144.10 NOTE
r-devel-windows-x86_64 0.1.0.9 50.00 69.00 119.00 NOTE
r-patched-linux-x86_64 0.1.0.9 53.26 33.62 86.88 NOTE
r-release-linux-x86_64 0.1.0.9 53.65 34.08 87.73 NOTE
r-release-macos-arm64 0.1.0.9 32.00 NOTE
r-release-macos-x86_64 0.1.0.9 38.00 NOTE
r-release-windows-x86_64 0.1.0.9 52.00 71.00 123.00 NOTE
r-oldrel-macos-arm64 0.1.0.9 37.00 NOTE
r-oldrel-macos-x86_64 0.1.0.9 59.00 NOTE
r-oldrel-windows-x86_64 0.1.0.9 63.00 77.00 140.00 NOTE

Check Details

Version: 0.1.0.9
Check: C++ specification
Result: NOTE Specified C++11: please drop specification unless essential Flavors: r-devel-linux-x86_64-debian-clang, r-devel-linux-x86_64-debian-gcc, r-devel-linux-x86_64-fedora-clang, r-devel-linux-x86_64-fedora-gcc, r-devel-windows-x86_64, r-patched-linux-x86_64, r-release-linux-x86_64, r-release-macos-arm64, r-release-macos-x86_64, r-release-windows-x86_64, r-oldrel-macos-arm64, r-oldrel-macos-x86_64, r-oldrel-windows-x86_64