Last updated on 2024-03-29 07:54:40 CET.
Flavor | Version | Tinstall | Tcheck | Ttotal | Status | Flags |
---|---|---|---|---|---|---|
r-devel-linux-x86_64-debian-clang | 2.1.0 | 52.80 | 242.28 | 295.08 | NOTE | |
r-devel-linux-x86_64-debian-gcc | 2.1.0 | 39.36 | 160.74 | 200.10 | NOTE | |
r-devel-linux-x86_64-fedora-clang | 2.1.0 | 347.90 | NOTE | |||
r-devel-linux-x86_64-fedora-gcc | 2.1.0 | 362.91 | NOTE | |||
r-devel-windows-x86_64 | 2.1.0 | 40.00 | 168.00 | 208.00 | NOTE | |
r-patched-linux-x86_64 | 2.1.0 | 46.74 | 224.58 | 271.32 | NOTE | |
r-release-linux-x86_64 | 2.1.0 | 49.27 | 231.09 | 280.36 | OK | |
r-release-macos-arm64 | 2.1.0 | 123.00 | OK | |||
r-release-macos-x86_64 | 2.1.0 | 359.00 | OK | |||
r-release-windows-x86_64 | 2.1.0 | 47.00 | 219.00 | 266.00 | OK | |
r-oldrel-macos-arm64 | 2.1.0 | 118.00 | OK | |||
r-oldrel-windows-x86_64 | 2.1.0 | 44.00 | 216.00 | 260.00 | WARN |
Version: 2.1.0
Check: Rd files
Result: NOTE
checkRd: (-1) cubintegrate.Rd:67: Lost braces; missing escapes or markup?
67 | evaluated} - {returnCode}{the actual integer return code
| ^
checkRd: (-1) cubintegrate.Rd:67-69: Lost braces
67 | evaluated} - {returnCode}{the actual integer return code
| ^
Flavors: r-devel-linux-x86_64-debian-clang, r-devel-linux-x86_64-debian-gcc, r-devel-linux-x86_64-fedora-clang, r-devel-linux-x86_64-fedora-gcc, r-devel-windows-x86_64, r-patched-linux-x86_64
Version: 2.1.0
Check: whether package can be installed
Result: WARN
Found the following significant warnings:
./src/common/stddecl.h:481:4: warning: ISO C99 doesn't support unnamed structs/unions [-Wpedantic]
Flavor: r-oldrel-windows-x86_64